{"id":126,"date":"2019-07-16T16:08:47","date_gmt":"2019-07-16T14:08:47","guid":{"rendered":"http:\/\/sosforetfrance.org\/?page_id=126"},"modified":"2019-08-27T18:44:35","modified_gmt":"2019-08-27T16:44:35","slug":"axel-kahn","status":"publish","type":"page","link":"https:\/\/sosforetfrance.org\/index.php\/axel-kahn\/","title":{"rendered":"Axel Kahn"},"content":{"rendered":"\n<h1 class=\"wp-block-heading\">Il a travers\u00e9 la France \u00e0 pied et est choqu\u00e9 par l&rsquo;enr\u00e9sinement massif des for\u00eats<\/h1>\n\n\n\n<p><strong>Axel Kahn<\/strong>&nbsp;\u2013 Docteur en m\u00e9decine et Docteur \u00e8s \nsciences, est directeur de recherche \u00e0 l\u2019INSERM et a dirig\u00e9 l\u2019Institut \nCochin de 2002 \u00e0 2008. Il a \u00e9t\u00e9 le Pr\u00e9sident de l\u2019Universit\u00e9 Paris \nDescartes ainsi que Pr\u00e9sident de la commission recherch\u00e9 de la \nconf\u00e9rence des Pr\u00e9sidents d\u2019Universit\u00e9s. Il vient de publier&nbsp;<em><a href=\"http:\/\/axelkahn.fr\/\" target=\"_blank\" rel=\"noreferrer noopener\">Pens\u00e9es en chemin Ma France des Ardennes au Pays Basque<\/a>&nbsp;.<\/em><\/p>\n\n\n\n<figure class=\"wp-block-image\"><a href=\"file:\/\/\/Users\/regis\/Desktop\/Formation%20SITE-SOSFF\/Site%20SOS%20foret%20OPHOS-sitesucker\/www.sosforet.org\/wp-content\/uploads\/2014\/03\/Capture-d%E2%80%99%C3%A9cran-2014-03-21-%C3%A0-09.00.151.png\"><img loading=\"lazy\" decoding=\"async\" width=\"674\" height=\"377\" src=\"http:\/\/sosforetfrance.org\/wp-content\/uploads\/2019\/07\/Capture-d\u2019e\u0301cran-twiter-axel-kahn.png\" alt=\"\" class=\"wp-image-129\" srcset=\"https:\/\/sosforetfrance.org\/wp-content\/uploads\/2019\/07\/Capture-d\u2019e\u0301cran-twiter-axel-kahn.png 674w, https:\/\/sosforetfrance.org\/wp-content\/uploads\/2019\/07\/Capture-d\u2019e\u0301cran-twiter-axel-kahn-300x168.png 300w\" sizes=\"auto, (max-width: 674px) 100vw, 674px\" \/><\/a><\/figure>\n\n\n\n<p>\u201cLes menaces pour l\u2019environnement, la biodiversit\u00e9 et les\n g\u00e9n\u00e9rations futures de certaine formes de d\u00e9veloppement industriel et \nagricole font l\u2019objet d\u2019une prise de &nbsp; conscience croissante depuis la \ndeuxi\u00e8me partie du si\u00e8cle dernier. En mati\u00e8re agricole, en particulier, \nle concept de&nbsp; d\u00e9veloppement durable s\u2019est progressivement impos\u00e9 \u00e0 \ntous. Certaines pratiques de culture intensive ont dans cet esprit \u00e9t\u00e9 \nd\u00e9nonc\u00e9es pour l\u2019alt\u00e9ration des sols et de la diversit\u00e9 v\u00e9g\u00e9tale et \nanimale dont elles sont responsables.<br>\nOr, tous ceux qui sont familiers du territoire, ce qui est mon cas pour \navoir march\u00e9 depuis des d\u00e9cennies des milliers de kilom\u00e8tres en France \net en Europe, peuvent t\u00e9moigner de ce que l\u2019impact \u00e9cologique de la \nsylviculture intensive de r\u00e9sineux, \u00e9pic\u00e9as et surtout pins de Douglas, \nest sans doute l\u2019un des pires de toutes les activit\u00e9s agricoles. Dans \nles for\u00eats de cette sorte, toute vie animale et v\u00e9g\u00e9tale a presque \ndisparu, la terre s\u2019est acidifi\u00e9e, st\u00e9rilis\u00e9e, densifi\u00e9e, est devenue \nimperm\u00e9able. De plus, les techniques d\u2019exploitation, les engins de \nd\u00e9bardage utilis\u00e9s souvent sans aucune pr\u00e9caution, laissent de hideuses \ncicatrices qui constituent des obstacles parfois insurmontable aux autre\n activit\u00e9s sylvestres, promenade ou chasse, sachant qu\u2019il n\u2019y a presque \nplus rien \u00e0 cueillir. Sans m\u00e9connaitre les r\u00e9alit\u00e9s \u00e9conomiques de la \nfili\u00e8re bois, ces r\u00e9alit\u00e9s imposent selon moi une r\u00e9vision radicale des \npolitiques en la mati\u00e8re. Je suis persuad\u00e9 que le r\u00e9alisme n\u2019est pas \nincompatible avec la volont\u00e9 d\u2019imposer une gestion sage de nos for\u00eats et\n d\u2019exiger que la sylviculture devienne elle aussi \u201cdurable\u201d, participant\n \u00e0 la protection de la biodiversit\u00e9 et m\u00e9nageant la fertilit\u00e9 des sols \nsur le long terme.&nbsp;Axel Kahn<\/p>\n","protected":false},"excerpt":{"rendered":"<p>Il a travers\u00e9 la France \u00e0 pied et est choqu\u00e9 par l&rsquo;enr\u00e9sinement massif des for\u00eats Axel Kahn&nbsp;\u2013 Docteur en m\u00e9decine et Docteur \u00e8s sciences, est directeur de recherche \u00e0 l\u2019INSERM [&hellip;]<\/p>\n","protected":false},"author":1,"featured_media":0,"parent":0,"menu_order":0,"comment_status":"closed","ping_status":"closed","template":"","meta":{"_acf_changed":false,"_gspb_post_css":"","_uag_custom_page_level_css":"","_EventAllDay":false,"_EventTimezone":"","_EventStartDate":"","_EventEndDate":"","_EventStartDateUTC":"","_EventEndDateUTC":"","_EventShowMap":false,"_EventShowMapLink":false,"_EventURL":"","_EventCost":"","_EventCostDescription":"","_EventCurrencySymbol":"","_EventCurrencyCode":"","_EventCurrencyPosition":"","_EventDateTimeSeparator":"","_EventTimeRangeSeparator":"","_EventOrganizerID":[],"_EventVenueID":[],"_OrganizerEmail":"","_OrganizerPhone":"","_OrganizerWebsite":"","_VenueAddress":"","_VenueCity":"","_VenueCountry":"","_VenueProvince":"","_VenueState":"","_VenueZip":"","_VenuePhone":"","_VenueURL":"","_VenueStateProvince":"","_VenueLat":"","_VenueLng":"","_VenueShowMap":false,"_VenueShowMapLink":false,"footnotes":""},"class_list":["post-126","page","type-page","status-publish","hentry"],"acf":[],"mb":[],"uagb_featured_image_src":{"full":false,"thumbnail":false,"medium":false,"medium_large":false,"large":false,"1536x1536":false,"2048x2048":false,"mailpoet_newsletter_max":false},"uagb_author_info":{"display_name":"admin7534","author_link":"https:\/\/sosforetfrance.org\/author\/admin7534\/"},"uagb_comment_info":0,"uagb_excerpt":"Il a travers\u00e9 la France \u00e0 pied et est choqu\u00e9 par l&rsquo;enr\u00e9sinement massif des for\u00eats Axel Kahn&nbsp;\u2013 Docteur en m\u00e9decine et Docteur \u00e8s sciences, est directeur de recherche \u00e0 l\u2019INSERM [&hellip;]","mfb_rest_fields":["title","uagb_featured_image_src","uagb_author_info","uagb_comment_info","uagb_excerpt"],"_links":{"self":[{"href":"https:\/\/sosforetfrance.org\/index.php\/wp-json\/wp\/v2\/pages\/126","targetHints":{"allow":["GET"]}}],"collection":[{"href":"https:\/\/sosforetfrance.org\/index.php\/wp-json\/wp\/v2\/pages"}],"about":[{"href":"https:\/\/sosforetfrance.org\/index.php\/wp-json\/wp\/v2\/types\/page"}],"author":[{"embeddable":true,"href":"https:\/\/sosforetfrance.org\/index.php\/wp-json\/wp\/v2\/users\/1"}],"replies":[{"embeddable":true,"href":"https:\/\/sosforetfrance.org\/index.php\/wp-json\/wp\/v2\/comments?post=126"}],"version-history":[{"count":0,"href":"https:\/\/sosforetfrance.org\/index.php\/wp-json\/wp\/v2\/pages\/126\/revisions"}],"wp:attachment":[{"href":"https:\/\/sosforetfrance.org\/index.php\/wp-json\/wp\/v2\/media?parent=126"}],"curies":[{"name":"wp","href":"https:\/\/api.w.org\/{rel}","templated":true}]}}