{"id":131,"date":"2019-07-16T16:40:09","date_gmt":"2019-07-16T14:40:09","guid":{"rendered":"http:\/\/sosforetfrance.org\/?page_id=131"},"modified":"2019-08-27T18:58:05","modified_gmt":"2019-08-27T16:58:05","slug":"jean-claude-genot","status":"publish","type":"page","link":"https:\/\/sosforetfrance.org\/index.php\/jean-claude-genot\/","title":{"rendered":"Jean-Claude G\u00e9not"},"content":{"rendered":"\n<h1 class=\"wp-block-heading\">\u00ab\u00a0La loi For\u00eat du plus fort\u00a0\u00bb<\/h1>\n\n\n\n<p style=\"text-align:left\"><strong>Jean-Claude G\u00e9not  <\/strong><br>\u00c9cologue membre des <a href=\"http:\/\/jne-asso.org\/blogjne\/\" target=\"_blank\" rel=\"noopener\">JNE , <br>journaliste et \u00e9crivain pour la Nature et l\u2019\u00c9cologie<\/a> <\/p>\n\n\n\n<hr class=\"wp-block-separator\"\/>\n\n\n\n<p><strong>S.O.S. for\u00eat = Sauvegarder Ou Supprimer la for\u00eat<\/strong> L\u2019humanit\u00e9 est dans un bus qui roule \u00e0 tombeau ouvert vers un  pr\u00e9cipice. &nbsp;Il n\u2019y a pas de conducteur mais chacun de nous peut soit  acc\u00e9l\u00e9rer soit freiner par ses choix de vie, la surconsommation ou la  sobri\u00e9t\u00e9. Notre civilisation technophile et expansionniste du toujours  plus nous m\u00e8ne vers ce que le philosophe et artiste Robert Hainard  nommait \u00ab&nbsp;la saturation et l\u2019horreur d\u2019un camp de concentration  g\u00e9n\u00e9ralis\u00e9&nbsp;\u00bb. <\/p>\n\n\n\n<p>Nous en avons une d\u00e9monstration de plus avec la politique  foresti\u00e8re fran\u00e7aise instaur\u00e9e depuis le Grenelle de l\u2019environnement et  la loi For\u00eat en cours de discussion qui risque de livrer la for\u00eat aux  traders du bois. Pour Fran\u00e7ois Terrasson, penseur radical de la nature&nbsp;: \u00ab&nbsp;On  per\u00e7oit comme for\u00eat ce qui ne porte plus de fa\u00e7on apparente la marque de  l\u2019ordre humain.&nbsp;\u00bb Somm\u00e9es de travailler plus pour une \u00e9conomie  tyrannique, les for\u00eats vont devenir des champs d\u2019arbres, quadrill\u00e9es de  cloisonnements et de routes pour les machines. Pense-t-on r\u00e9ellement que la biodiversit\u00e9, cette nature qui  s\u2019adapte \u00e0 nos activit\u00e9s parce qu\u2019elle flatte notre orgueil de r\u00e9gent du  monde naturel, est le bon moyen d\u2019aborder la question centrale de la  for\u00eat&nbsp;? Non bien s\u00fbr, seule la nature dans ce qu\u2019elle a de sauvage, de  libre, de spontan\u00e9e et de r\u00e9sistante \u00e0 l\u2019homme, peut \u00eatre le seul  indicateur des limites \u00e0 notre puissance. <\/p>\n\n\n\n<p>Que se passe-t-il dans les for\u00eats des Vosges du Nord\u00a0 (800 km<sup>2 <\/sup>dont  70% de for\u00eats publiques \u00a0ayant un fort d\u00e9ficit de gros bois\u00a0; seulement  7% de for\u00eats matures)\u00a0o\u00f9 je travaille comme \u00e9cologue? Les coupes pour le bois \u00e9nergie sont apparues, elles ne  respectent pas toujours le n\u00e9cessaire maintien au sol des branches de  moins de 7 cm de diam\u00e8tre. Ce bois \u00e9nergie pour chaufferies\u00a0 concurrence  le bois b\u00fbche pour les habitants. Les cloisonnements d\u2019exploitation trop souvent \u00e0 moins de 30  m\u00e8tres d\u2019intervalle d\u00e9naturent la for\u00eat. Les rotations entre deux coupes  sont plus courtes et nous sommes en route vers une d\u00e9capitalisation et  une baisse des diam\u00e8tres d\u2019exploitabilit\u00e9. Des coupes sont pratiqu\u00e9es le  long des chemins forestiers pour alimenter le Moloch du bois \u00e9nergie  sous couvert d\u2019assainir la voirie et de prot\u00e9ger la \u00ab\u00a0<a href=\"http:\/\/sosforetfrance.org\/index.php\/biodiversite\/\">biodiversit\u00e9\u00a0<\/a>\u00bb  mais pas celle li\u00e9e aux arbres coup\u00e9s\u2026 Des am\u00e9nagements forestiers classent en r\u00e9g\u00e9n\u00e9ration des  parcelles avec un diam\u00e8tre moyen trop faible. La m\u00e9canisation avec  notamment les abatteuses, apparue apr\u00e8s la temp\u00eate Lothar, se g\u00e9n\u00e9ralise  avec un principe non durable\u00a0: adapter la for\u00eat aux machines. Un plan de d\u00e9veloppement de massif pour les for\u00eats priv\u00e9es est  en cours dans un secteur o\u00f9 1200 ha de for\u00eats spontan\u00e9es, de 50 \u00e0 70  ans, ont \u00e9t\u00e9 class\u00e9es en ZNIEFF. Des signaux inqui\u00e9tants surtout apr\u00e8s  avoir connu une embellie li\u00e9e, en Alsace, \u00e0 la fin des coupes rases et  des plantations il y a un peu plus d\u2019une d\u00e9cennie. <\/p>\n\n\n\n<p>Face \u00e0 la loi For\u00eat du plus fort sous-tendue par l\u2019implacable  raisonnement \u00e9conomique \u00e0 court terme nous allons \u00e0 marche forc\u00e9e vers  une industrialisation de la for\u00eat, une \u00ab&nbsp;modernisation&nbsp;\u00bb du niveau de  celle que l\u2019agriculture a connu il y a cinquante ans. Le Plan  Pluriannuel R\u00e9gional de D\u00e9veloppement Forestier qui pr\u00e9voit un  agrandissement des unit\u00e9s de gestion est \u00e0 la petite propri\u00e9t\u00e9  foresti\u00e8re priv\u00e9e ce que le remembrement fut \u00e0 l\u2019agriculture paysanne  pendant les trente glorieuses (voir le texte sur le PPRDF : <a href=\"http:\/\/www.forets-sauvages.fr\/automne_modules_files\/pdocs\/edited\/r108_10_naturalite_13.pdf\" target=\"_blank\" rel=\"noopener\">Naturalit\u00e9, la lettre de For\u00eat sauvage<\/a>. Face \u00e0 cette offensive des idol\u00e2tres de la croissance  \u00e9conomique, il faut r\u00e9sister comme le propose le collectif SOS For\u00eat car  il y a une alternative \u00e0 l\u2019application du mod\u00e8le agronomique \u00e0 la  for\u00eat. Les acteurs du territoire du Parc naturel r\u00e9gional des Vosges du  Nord l\u2019ont exprim\u00e9 dans la nouvelle Charte de ce Parc forestier (62% de  la surface) en se fixant deux objectifs : augmenter le degr\u00e9 de  naturalit\u00e9 des for\u00eats et d\u00e9velopper une \u00e9conomie du bois locale \u00e0 forte  valeur ajout\u00e9e. S\u2019il fallait un nouveau slogan \u00e0 une politique  foresti\u00e8re, ce serait \u00ab&nbsp;produire mieux tout en augmentant le degr\u00e9 de  naturalit\u00e9 et la gestion participative&nbsp;\u00bb. La for\u00eat nous enchante, le champ d\u2019arbres nous d\u00e9prime.  N\u2019oublions pas que les hommes ne vivent pas seulement de pain mais aussi  de r\u00eave et de po\u00e9sie. Je ne r\u00e9siste pas \u00e0 encourager SOS For\u00eat \u00e0  m\u00e9diter cette derni\u00e8re citation de Robert Hainard&nbsp;: \u00ab&nbsp;la protection de  la nature cherche \u00e0 s\u2019ins\u00e9rer dans le syst\u00e8me actuel quand, au  contraire, elle doit nous aider \u00e0 sortir de ce syst\u00e8me. Je pense m\u00eame  que le jour viendra o\u00f9 les gens pousseront les protecteurs de la nature \u00e0  coups de pied dans le derri\u00e8re en leur disant&nbsp;: mais vous ne faites  rien, vous n\u2019avez pas de courage&nbsp;; allez-y, d\u00e9fendez le peu de nature  qu\u2019il nous reste&nbsp;!&nbsp;\u00bb. &nbsp;<\/p>\n","protected":false},"excerpt":{"rendered":"<p>\u00ab\u00a0La loi For\u00eat du plus fort\u00a0\u00bb Jean-Claude G\u00e9not \u00c9cologue membre des JNE , journaliste et \u00e9crivain pour la Nature et l\u2019\u00c9cologie S.O.S. for\u00eat = Sauvegarder Ou Supprimer la for\u00eat L\u2019humanit\u00e9 [&hellip;]<\/p>\n","protected":false},"author":1,"featured_media":0,"parent":0,"menu_order":0,"comment_status":"closed","ping_status":"closed","template":"","meta":{"_acf_changed":false,"_gspb_post_css":"","_uag_custom_page_level_css":"","_EventAllDay":false,"_EventTimezone":"","_EventStartDate":"","_EventEndDate":"","_EventStartDateUTC":"","_EventEndDateUTC":"","_EventShowMap":false,"_EventShowMapLink":false,"_EventURL":"","_EventCost":"","_EventCostDescription":"","_EventCurrencySymbol":"","_EventCurrencyCode":"","_EventCurrencyPosition":"","_EventDateTimeSeparator":"","_EventTimeRangeSeparator":"","_EventOrganizerID":[],"_EventVenueID":[],"_OrganizerEmail":"","_OrganizerPhone":"","_OrganizerWebsite":"","_VenueAddress":"","_VenueCity":"","_VenueCountry":"","_VenueProvince":"","_VenueState":"","_VenueZip":"","_VenuePhone":"","_VenueURL":"","_VenueStateProvince":"","_VenueLat":"","_VenueLng":"","_VenueShowMap":false,"_VenueShowMapLink":false,"footnotes":""},"class_list":["post-131","page","type-page","status-publish","hentry"],"acf":[],"mb":[],"uagb_featured_image_src":{"full":false,"thumbnail":false,"medium":false,"medium_large":false,"large":false,"1536x1536":false,"2048x2048":false,"mailpoet_newsletter_max":false},"uagb_author_info":{"display_name":"admin7534","author_link":"https:\/\/sosforetfrance.org\/author\/admin7534\/"},"uagb_comment_info":0,"uagb_excerpt":"\u00ab\u00a0La loi For\u00eat du plus fort\u00a0\u00bb Jean-Claude G\u00e9not \u00c9cologue membre des JNE , journaliste et \u00e9crivain pour la Nature et l\u2019\u00c9cologie S.O.S. for\u00eat = Sauvegarder Ou Supprimer la for\u00eat L\u2019humanit\u00e9 [&hellip;]","mfb_rest_fields":["title","uagb_featured_image_src","uagb_author_info","uagb_comment_info","uagb_excerpt"],"_links":{"self":[{"href":"https:\/\/sosforetfrance.org\/index.php\/wp-json\/wp\/v2\/pages\/131","targetHints":{"allow":["GET"]}}],"collection":[{"href":"https:\/\/sosforetfrance.org\/index.php\/wp-json\/wp\/v2\/pages"}],"about":[{"href":"https:\/\/sosforetfrance.org\/index.php\/wp-json\/wp\/v2\/types\/page"}],"author":[{"embeddable":true,"href":"https:\/\/sosforetfrance.org\/index.php\/wp-json\/wp\/v2\/users\/1"}],"replies":[{"embeddable":true,"href":"https:\/\/sosforetfrance.org\/index.php\/wp-json\/wp\/v2\/comments?post=131"}],"version-history":[{"count":0,"href":"https:\/\/sosforetfrance.org\/index.php\/wp-json\/wp\/v2\/pages\/131\/revisions"}],"wp:attachment":[{"href":"https:\/\/sosforetfrance.org\/index.php\/wp-json\/wp\/v2\/media?parent=131"}],"curies":[{"name":"wp","href":"https:\/\/api.w.org\/{rel}","templated":true}]}}