{"id":14886,"date":"2025-11-28T11:47:06","date_gmt":"2025-11-28T10:47:06","guid":{"rendered":"https:\/\/sosforetfrance.org\/?page_id=14886"},"modified":"2025-12-02T13:18:00","modified_gmt":"2025-12-02T12:18:00","slug":"espace-membres","status":"publish","type":"page","link":"https:\/\/sosforetfrance.org\/index.php\/espace-membres\/","title":{"rendered":"Espace membres"},"content":{"rendered":"\n<div class=\"wp-block-greenshift-blocks-toc gs-toc gspb_toc-id-gsbp-09ebb21\" id=\"gspb_toc-id-gsbp-09ebb21\" itemscope itemtype=\"\"><div class=\"gs-autolist\"><div class=\"gs-autolist-item\" itemscope><span class=\"gs-autolist-title\"><meta itemprop=\"name\" content=\"Conseil d'administration\"\/><a class=\"gs-scrollto\" href=\"#conseil-d-administration\">Conseil d&rsquo;administration<\/a><\/span><\/div><div class=\"gs-autolist-item gs_sub_heading\" itemscope><span class=\"gs-autolist-title\"><meta itemprop=\"name\" content=\"Composition\"\/><a class=\"gs-scrollto\" href=\"#composition\">Composition<\/a><\/span><\/div><div class=\"gs-autolist-item gs_sub_heading\" itemscope><span class=\"gs-autolist-title\"><meta itemprop=\"name\" content=\"D\u00e9cisions du CA\"\/><a class=\"gs-scrollto\" href=\"#decisions-du-ca\">D\u00e9cisions du CA<\/a><\/span><\/div><div class=\"gs-autolist-item gs_sub_heading\" itemscope><span class=\"gs-autolist-title\"><meta itemprop=\"name\" content=\"Bureau\"\/><a class=\"gs-scrollto\" href=\"#bureau-1\">Bureau<\/a><\/span><\/div><div class=\"gs-autolist-item\" itemscope><span class=\"gs-autolist-title\"><meta itemprop=\"name\" content=\"Documents\"\/><a class=\"gs-scrollto\" href=\"#documents\">Documents<\/a><\/span><\/div><div class=\"gs-autolist-item gs_sub_heading\" itemscope><span class=\"gs-autolist-title\"><meta itemprop=\"name\" content=\"Notre Vision\"\/><a class=\"gs-scrollto\" href=\"#reglement-interieur\">Notre Vision<\/a><\/span><\/div><div class=\"gs-autolist-item gs_sub_heading\" itemscope><span class=\"gs-autolist-title\"><meta itemprop=\"name\" content=\"16 propositions\"\/><a class=\"gs-scrollto\" href=\"#16-propositions\">16 propositions<\/a><\/span><\/div><div class=\"gs-autolist-item gs_sub_heading\" itemscope><span class=\"gs-autolist-title\"><meta itemprop=\"name\" content=\"Statuts\"\/><a class=\"gs-scrollto\" href=\"#reglement-interieur\">Statuts<\/a><\/span><\/div><div class=\"gs-autolist-item gs_sub_heading\" itemscope><span class=\"gs-autolist-title\"><meta itemprop=\"name\" content=\"R\u00e8glement int\u00e9rieur\"\/><a class=\"gs-scrollto\" href=\"#reglement-interieur\">R\u00e8glement int\u00e9rieur<\/a><\/span><\/div><div class=\"gs-autolist-item\" itemscope><span class=\"gs-autolist-title\"><meta itemprop=\"name\" content=\"Assembl\u00e9es g\u00e9n\u00e9rales\"\/><a class=\"gs-scrollto\" href=\"#assemblees-generales\">Assembl\u00e9es g\u00e9n\u00e9rales<\/a><\/span><\/div><\/div><\/div>\n\n\n\n<div class=\"wp-block-group has-global-padding is-layout-constrained wp-block-group-is-layout-constrained\">\n<h2 class=\"wp-block-heading has-inputbg-color has-text-color has-background has-link-color wp-elements-4f4013d2c1e87daebfc274ec27be5458\" id=\"conseil-d-administration\" style=\"background-color:#497844;padding-top:var(--wp--preset--spacing--20);padding-right:var(--wp--preset--spacing--20);padding-bottom:var(--wp--preset--spacing--20);padding-left:var(--wp--preset--spacing--20)\">Conseil d&rsquo;administration<\/h2>\n\n\n\n<h3 class=\"wp-block-heading\" id=\"composition\">Composition<\/h3>\n\n\n\n<p><strong>Coll\u00e8ge 1 :  associations nationales et syndicats nationaux<\/strong><\/p>\n\n\n\n<ul class=\"wp-block-list\">\n<li>CGT, repr\u00e9sent\u00e9e par Michel Tanant<\/li>\n\n\n\n<li>Canop\u00e9e, repr\u00e9sent\u00e9e par Bruno Doucet<\/li>\n\n\n\n<li>For\u00eat citoyenne, repr\u00e9sent\u00e9e par Bernard Boisson, Catherine Combaldieu<\/li>\n\n\n\n<li>Snupfen Solidaires, repr\u00e9sent\u00e9e par Fr\u00e9d\u00e9ric B\u00e9del, Alicia Charennat, Rapha\u00ebl Kieffert.<\/li>\n<\/ul>\n\n\n\n<p><strong>Coll\u00e8ge 2  : groupements de professionnel\u00b7les, de syndicats locaux et de groupements forestiers<\/strong><\/p>\n\n\n\n<ul class=\"wp-block-list\">\n<li>Groupement forestier du Vallon du Combois<\/li>\n<\/ul>\n\n\n\n<p><strong>Coll\u00e8ge 3 : repr\u00e9sentant\u00b7es des associations locales<\/strong><\/p>\n\n\n\n<ul class=\"wp-block-list\">\n<li>Adret Morvan, repr\u00e9sent\u00e9e par Marie-Agn\u00e8s Brun, Marie-Anne Guillemain<\/li>\n\n\n\n<li>For\u00eats Vivantes Pyr\u00e9n\u00e9es, repr\u00e9sent\u00e9e par Jacques Descargues<\/li>\n\n\n\n<li>Oise Nature, repr\u00e9sent\u00e9e par Didier Caron<\/li>\n<\/ul>\n\n\n\n<h3 class=\"wp-block-heading\" id=\"decisions-du-ca\"><a href=\"https:\/\/sosforetfrance.org\/index.php\/releves-de-decisions-du-ca-de-sos-foret-france\/\">D\u00e9cisions du CA<\/a><\/h3>\n<\/div>\n\n\n\n<div class=\"wp-block-group has-global-padding is-layout-constrained wp-block-group-is-layout-constrained\">\n<h3 class=\"wp-block-heading\" id=\"bureau-1\">Bureau<\/h3>\n\n\n\n<ul class=\"wp-block-list\">\n<li>Copr\u00e9sidence : Oise Nature, repr\u00e9sent\u00e9e par Didier Caron<\/li>\n\n\n\n<li>Copr\u00e9sidence, Snupfen Solidaires, repr\u00e9sent\u00e9e par Fr\u00e9d\u00e9ric B\u00e9del, Alicia Charennat, Rapha\u00ebl Kieffert.<\/li>\n\n\n\n<li>Tr\u00e9sorerie : CGT, repr\u00e9sent\u00e9e par Michel Tanant<\/li>\n\n\n\n<li>Secr\u00e9tariat : Adret Morvan, repr\u00e9sent\u00e9e par Marie-Agn\u00e8s Brun, Marie-Anne Guillemain<\/li>\n\n\n\n<li>Membre : For\u00eats Vivantes Pyr\u00e9n\u00e9es, repr\u00e9sent\u00e9e par Jacques Descargues<\/li>\n\n\n\n<li>Membre : Groupement Forestier du Vallon du Combois<\/li>\n<\/ul>\n<\/div>\n\n\n\n<div class=\"wp-block-group has-global-padding is-layout-constrained wp-block-group-is-layout-constrained\">\n<h2 class=\"wp-block-heading has-inputbg-color has-text-color has-background has-link-color wp-elements-158195bcdd95fad77ff9ad9b9339990f\" id=\"documents\" style=\"background-color:#497844;padding-top:var(--wp--preset--spacing--20);padding-right:var(--wp--preset--spacing--20);padding-bottom:var(--wp--preset--spacing--20);padding-left:var(--wp--preset--spacing--20)\">Documents<\/h2>\n\n\n\n<h3 class=\"wp-block-heading\" id=\"reglement-interieur\"><a href=\"https:\/\/sosforetfrance.org\/index.php\/notre-vision\/\">Notre Vision<\/a><\/h3>\n\n\n\n<h3 class=\"wp-block-heading\" id=\"16-propositions\"><a href=\"https:\/\/sosforetfrance.org\/index.php\/nos-16-propositions\/\" target=\"_blank\" rel=\"noreferrer noopener\">16 propositions<\/a><\/h3>\n\n\n\n<h3 class=\"wp-block-heading\" id=\"reglement-interieur\"><a href=\"https:\/\/sosforetfrance.org\/wp-content\/uploads\/2024\/07\/2024-06-12_Statuts_SOS_foret-1.pdf\" target=\"_blank\" rel=\"noreferrer noopener\">Statuts<\/a><\/h3>\n\n\n\n<h3 class=\"wp-block-heading\" id=\"reglement-interieur\"><a href=\"https:\/\/sosforetfrance.org\/wp-content\/uploads\/2025\/11\/reglement-interieur-SOS-FORET-FRANCE-2.pdf\" target=\"_blank\" rel=\"noreferrer noopener\">R\u00e8glement int\u00e9rieur<\/a><\/h3>\n<\/div>\n\n\n\n<div class=\"wp-block-group has-global-padding is-layout-constrained wp-block-group-is-layout-constrained\">\n<h2 class=\"wp-block-heading has-inputbg-color has-text-color has-background has-link-color wp-elements-94948b6e5aad3ad30f6cd5104ee77903\" id=\"assemblees-generales\" style=\"background-color:#497844;padding-top:var(--wp--preset--spacing--20);padding-right:var(--wp--preset--spacing--20);padding-bottom:var(--wp--preset--spacing--20);padding-left:var(--wp--preset--spacing--20)\">Assembl\u00e9es g\u00e9n\u00e9rales<\/h2>\n\n\n\n<ul class=\"wp-block-list\">\n<li><a href=\"https:\/\/sosforetfrance.org\/index.php\/ag-age-29-11-2025\/\">29 novembre 2025 &#8211; Assembl\u00e9e g\u00e9n\u00e9rale ordinaire et assembl\u00e9e g\u00e9n\u00e9rale extraordinaire<\/a><\/li>\n<\/ul>\n<\/div>\n","protected":false},"excerpt":{"rendered":"<p>Conseil d&rsquo;administration Composition Coll\u00e8ge 1 : associations nationales et syndicats nationaux Coll\u00e8ge 2 : groupements de professionnel\u00b7les, de syndicats locaux et de groupements forestiers Coll\u00e8ge 3 : repr\u00e9sentant\u00b7es des associations [&hellip;]<\/p>\n","protected":false},"author":10,"featured_media":0,"parent":0,"menu_order":0,"comment_status":"closed","ping_status":"closed","template":"","meta":{"_acf_changed":false,"_gspb_post_css":".gs-autolist{margin:15px 0 30px;border:1px solid #dddddd7d}.gs-autolist-item{padding:15px 15px 15px 5px;display:flex;align-items:center}.gs-autolist-title,.gs-autolist-title a{font-size:18px;line-height:24px;text-decoration:none}.gs-autolist-item.gs_sub_heading{padding:10px 15px 10px 35px}#gspb_toc-id-gsbp-09ebb21 .gs-autolist-item{background-color:#fff}#gspb_toc-id-gsbp-09ebb21 .gs-autolist-item:nth-child(2n){background-color:#fff}#gspb_toc-id-gsbp-09ebb21 .gs-autolist-title a{color:#497844;font-size:var(--wp--preset--font-size--small)!important;font-weight:400!important}","_uag_custom_page_level_css":"","_EventAllDay":false,"_EventTimezone":"","_EventStartDate":"","_EventEndDate":"","_EventStartDateUTC":"","_EventEndDateUTC":"","_EventShowMap":false,"_EventShowMapLink":false,"_EventURL":"","_EventCost":"","_EventCostDescription":"","_EventCurrencySymbol":"","_EventCurrencyCode":"","_EventCurrencyPosition":"","_EventDateTimeSeparator":"","_EventTimeRangeSeparator":"","_EventOrganizerID":[],"_EventVenueID":[],"_OrganizerEmail":"","_OrganizerPhone":"","_OrganizerWebsite":"","_VenueAddress":"","_VenueCity":"","_VenueCountry":"","_VenueProvince":"","_VenueState":"","_VenueZip":"","_VenuePhone":"","_VenueURL":"","_VenueStateProvince":"","_VenueLat":"","_VenueLng":"","_VenueShowMap":false,"_VenueShowMapLink":false,"footnotes":""},"class_list":["post-14886","page","type-page","status-publish","hentry"],"mb":[],"acf":[],"uagb_featured_image_src":{"full":false,"thumbnail":false,"medium":false,"medium_large":false,"large":false,"1536x1536":false,"2048x2048":false,"mailpoet_newsletter_max":false},"uagb_author_info":{"display_name":"Marie-Anne Guillemain","author_link":"https:\/\/sosforetfrance.org\/author\/mag\/"},"uagb_comment_info":0,"uagb_excerpt":"Conseil d&rsquo;administration Composition Coll\u00e8ge 1 : associations nationales et syndicats nationaux Coll\u00e8ge 2 : groupements de professionnel\u00b7les, de syndicats locaux et de groupements forestiers Coll\u00e8ge 3 : repr\u00e9sentant\u00b7es des associations [&hellip;]","mfb_rest_fields":["title","uagb_featured_image_src","uagb_author_info","uagb_comment_info","uagb_excerpt"],"_links":{"self":[{"href":"https:\/\/sosforetfrance.org\/index.php\/wp-json\/wp\/v2\/pages\/14886","targetHints":{"allow":["GET"]}}],"collection":[{"href":"https:\/\/sosforetfrance.org\/index.php\/wp-json\/wp\/v2\/pages"}],"about":[{"href":"https:\/\/sosforetfrance.org\/index.php\/wp-json\/wp\/v2\/types\/page"}],"author":[{"embeddable":true,"href":"https:\/\/sosforetfrance.org\/index.php\/wp-json\/wp\/v2\/users\/10"}],"replies":[{"embeddable":true,"href":"https:\/\/sosforetfrance.org\/index.php\/wp-json\/wp\/v2\/comments?post=14886"}],"version-history":[{"count":6,"href":"https:\/\/sosforetfrance.org\/index.php\/wp-json\/wp\/v2\/pages\/14886\/revisions"}],"predecessor-version":[{"id":14938,"href":"https:\/\/sosforetfrance.org\/index.php\/wp-json\/wp\/v2\/pages\/14886\/revisions\/14938"}],"wp:attachment":[{"href":"https:\/\/sosforetfrance.org\/index.php\/wp-json\/wp\/v2\/media?parent=14886"}],"curies":[{"name":"wp","href":"https:\/\/api.w.org\/{rel}","templated":true}]}}

<div class="wp-block-greenshift-blocks-toc gs-toc gspb_toc-id-gsbp-09ebb21" id="gspb_toc-id-gsbp-09ebb21" itemscope itemtype=""><div class="gs-autolist"><div class="gs-autolist-item" itemscope><span class="gs-autolist-title"><meta itemprop="name" content="Conseil d'administration"/><a class="gs-scrollto" href="#conseil-d-administration">Conseil d&rsquo;administration</a></span></div><div class="gs-autolist-item gs_sub_heading" itemscope><span class="gs-autolist-title"><meta itemprop="name" content="Composition"/><a class="gs-scrollto" href="#composition">Composition</a></span></div><div class="gs-autolist-item gs_sub_heading" itemscope><span class="gs-autolist-title"><meta itemprop="name" content="Décisions du CA"/><a class="gs-scrollto" href="#decisions-du-ca">Décisions du CA</a></span></div><div class="gs-autolist-item gs_sub_heading" itemscope><span class="gs-autolist-title"><meta itemprop="name" content="Bureau"/><a class="gs-scrollto" href="#bureau-1">Bureau</a></span></div><div class="gs-autolist-item" itemscope><span class="gs-autolist-title"><meta itemprop="name" content="Documents"/><a class="gs-scrollto" href="#documents">Documents</a></span></div><div class="gs-autolist-item gs_sub_heading" itemscope><span class="gs-autolist-title"><meta itemprop="name" content="Notre Vision"/><a class="gs-scrollto" href="#reglement-interieur">Notre Vision</a></span></div><div class="gs-autolist-item gs_sub_heading" itemscope><span class="gs-autolist-title"><meta itemprop="name" content="16 propositions"/><a class="gs-scrollto" href="#16-propositions">16 propositions</a></span></div><div class="gs-autolist-item gs_sub_heading" itemscope><span class="gs-autolist-title"><meta itemprop="name" content="Statuts"/><a class="gs-scrollto" href="#reglement-interieur">Statuts</a></span></div><div class="gs-autolist-item gs_sub_heading" itemscope><span class="gs-autolist-title"><meta itemprop="name" content="Règlement intérieur"/><a class="gs-scrollto" href="#reglement-interieur">Règlement intérieur</a></span></div><div class="gs-autolist-item" itemscope><span class="gs-autolist-title"><meta itemprop="name" content="Assemblées générales"/><a class="gs-scrollto" href="#assemblees-generales">Assemblées générales</a></span></div></div></div>



<div class="wp-block-group has-global-padding is-layout-constrained wp-block-group-is-layout-constrained">
<h2 class="wp-block-heading has-inputbg-color has-text-color has-background has-link-color wp-elements-4f4013d2c1e87daebfc274ec27be5458" id="conseil-d-administration" style="background-color:#497844;padding-top:var(--wp--preset--spacing--20);padding-right:var(--wp--preset--spacing--20);padding-bottom:var(--wp--preset--spacing--20);padding-left:var(--wp--preset--spacing--20)">Conseil d&rsquo;administration</h2>



<h3 class="wp-block-heading" id="composition">Composition</h3>



<p><strong>Collège 1 :  associations nationales et syndicats nationaux</strong></p>



<ul class="wp-block-list">
<li>CGT, représentée par Michel Tanant</li>



<li>Canopée, représentée par Bruno Doucet</li>



<li>Forêt citoyenne, représentée par Bernard Boisson, Catherine Combaldieu</li>



<li>Snupfen Solidaires, représentée par Frédéric Bédel, Alicia Charennat, Raphaël Kieffert.</li>
</ul>



<p><strong>Collège 2  : groupements de professionnel·les, de syndicats locaux et de groupements forestiers</strong></p>



<ul class="wp-block-list">
<li>Groupement forestier du Vallon du Combois</li>
</ul>



<p><strong>Collège 3 : représentant·es des associations locales</strong></p>



<ul class="wp-block-list">
<li>Adret Morvan, représentée par Marie-Agnès Brun, Marie-Anne Guillemain</li>



<li>Forêts Vivantes Pyrénées, représentée par Jacques Descargues</li>



<li>Oise Nature, représentée par Didier Caron</li>
</ul>



<h3 class="wp-block-heading" id="decisions-du-ca"><a href="https://sosforetfrance.org/index.php/releves-de-decisions-du-ca-de-sos-foret-france/">Décisions du CA</a></h3>
</div>



<div class="wp-block-group has-global-padding is-layout-constrained wp-block-group-is-layout-constrained">
<h3 class="wp-block-heading" id="bureau-1">Bureau</h3>



<ul class="wp-block-list">
<li>Coprésidence : Oise Nature, représentée par Didier Caron</li>



<li>Coprésidence, Snupfen Solidaires, représentée par Frédéric Bédel, Alicia Charennat, Raphaël Kieffert.</li>



<li>Trésorerie : CGT, représentée par Michel Tanant</li>



<li>Secrétariat : Adret Morvan, représentée par Marie-Agnès Brun, Marie-Anne Guillemain</li>



<li>Membre : Forêts Vivantes Pyrénées, représentée par Jacques Descargues</li>



<li>Membre : Groupement Forestier du Vallon du Combois</li>
</ul>
</div>



<div class="wp-block-group has-global-padding is-layout-constrained wp-block-group-is-layout-constrained">
<h2 class="wp-block-heading has-inputbg-color has-text-color has-background has-link-color wp-elements-158195bcdd95fad77ff9ad9b9339990f" id="documents" style="background-color:#497844;padding-top:var(--wp--preset--spacing--20);padding-right:var(--wp--preset--spacing--20);padding-bottom:var(--wp--preset--spacing--20);padding-left:var(--wp--preset--spacing--20)">Documents</h2>



<h3 class="wp-block-heading" id="reglement-interieur"><a href="https://sosforetfrance.org/index.php/notre-vision/">Notre Vision</a></h3>



<h3 class="wp-block-heading" id="16-propositions"><a href="https://sosforetfrance.org/index.php/nos-16-propositions/" target="_blank" rel="noreferrer noopener">16 propositions</a></h3>



<h3 class="wp-block-heading" id="reglement-interieur"><a href="https://sosforetfrance.org/wp-content/uploads/2024/07/2024-06-12_Statuts_SOS_foret-1.pdf" target="_blank" rel="noreferrer noopener">Statuts</a></h3>



<h3 class="wp-block-heading" id="reglement-interieur"><a href="https://sosforetfrance.org/wp-content/uploads/2025/11/reglement-interieur-SOS-FORET-FRANCE-2.pdf" target="_blank" rel="noreferrer noopener">Règlement intérieur</a></h3>
</div>



<div class="wp-block-group has-global-padding is-layout-constrained wp-block-group-is-layout-constrained">
<h2 class="wp-block-heading has-inputbg-color has-text-color has-background has-link-color wp-elements-94948b6e5aad3ad30f6cd5104ee77903" id="assemblees-generales" style="background-color:#497844;padding-top:var(--wp--preset--spacing--20);padding-right:var(--wp--preset--spacing--20);padding-bottom:var(--wp--preset--spacing--20);padding-left:var(--wp--preset--spacing--20)">Assemblées générales</h2>



<ul class="wp-block-list">
<li><a href="https://sosforetfrance.org/index.php/ag-age-29-11-2025/">29 novembre 2025 &#8211; Assemblée générale ordinaire et assemblée générale extraordinaire</a></li>
</ul>
</div>

<p>Conseil d&rsquo;administration Composition Collège 1 : associations nationales et syndicats nationaux Collège 2 : groupements de professionnel·les, de syndicats locaux et de groupements forestiers Collège 3 : représentant·es des associations [&hellip;]</p>

Conseil d&rsquo;administration Composition Collège 1 : associations nationales et syndicats nationaux Collège 2 : groupements de professionnel·les, de syndicats locaux et de groupements forestiers Collège 3 : représentant·es des associations [&hellip;]
