{"id":1952,"date":"2021-09-13T22:23:00","date_gmt":"2021-09-13T20:23:00","guid":{"rendered":"https:\/\/sosforetfrance.org\/?page_id=1952"},"modified":"2021-09-13T22:23:02","modified_gmt":"2021-09-13T20:23:02","slug":"signature-de-lappel-pour-de-forets-vivantes","status":"publish","type":"page","link":"https:\/\/sosforetfrance.org\/index.php\/signature-de-lappel-pour-de-forets-vivantes\/","title":{"rendered":"Signature de l&rsquo;appel pour de for\u00eats vivantes"},"content":{"rendered":"\n<p><strong>Merci de votre participation. Votre signature est confirm\u00e9e.<\/strong><\/p>\n\n\n\n<p>L&rsquo;\u00e9quipe de SOS for\u00eat France et l&rsquo;\u00e9quipe de coordination de l&rsquo;Appel pour des for\u00eats vivantes.<\/p>\n","protected":false},"excerpt":{"rendered":"<p>Merci de votre participation. Votre signature est confirm\u00e9e. L&rsquo;\u00e9quipe de SOS for\u00eat France et l&rsquo;\u00e9quipe de coordination de l&rsquo;Appel pour des for\u00eats vivantes.<\/p>\n","protected":false},"author":1,"featured_media":0,"parent":0,"menu_order":0,"comment_status":"closed","ping_status":"closed","template":"","meta":{"_acf_changed":false,"_gspb_post_css":"","_uag_custom_page_level_css":"","_EventAllDay":false,"_EventTimezone":"","_EventStartDate":"","_EventEndDate":"","_EventStartDateUTC":"","_EventEndDateUTC":"","_EventShowMap":false,"_EventShowMapLink":false,"_EventURL":"","_EventCost":"","_EventCostDescription":"","_EventCurrencySymbol":"","_EventCurrencyCode":"","_EventCurrencyPosition":"","_EventDateTimeSeparator":"","_EventTimeRangeSeparator":"","_EventOrganizerID":[],"_EventVenueID":[],"_OrganizerEmail":"","_OrganizerPhone":"","_OrganizerWebsite":"","_VenueAddress":"","_VenueCity":"","_VenueCountry":"","_VenueProvince":"","_VenueState":"","_VenueZip":"","_VenuePhone":"","_VenueURL":"","_VenueStateProvince":"","_VenueLat":"","_VenueLng":"","_VenueShowMap":false,"_VenueShowMapLink":false,"footnotes":""},"class_list":["post-1952","page","type-page","status-publish","hentry"],"mb":[],"acf":[],"uagb_featured_image_src":{"full":false,"thumbnail":false,"medium":false,"medium_large":false,"large":false,"1536x1536":false,"2048x2048":false,"mailpoet_newsletter_max":false},"uagb_author_info":{"display_name":"admin7534","author_link":"https:\/\/sosforetfrance.org\/author\/admin7534\/"},"uagb_comment_info":0,"uagb_excerpt":"Merci de votre participation. Votre signature est confirm\u00e9e. L&rsquo;\u00e9quipe de SOS for\u00eat France et l&rsquo;\u00e9quipe de coordination de l&rsquo;Appel pour des for\u00eats vivantes.","mfb_rest_fields":["title","uagb_featured_image_src","uagb_author_info","uagb_comment_info","uagb_excerpt"],"_links":{"self":[{"href":"https:\/\/sosforetfrance.org\/index.php\/wp-json\/wp\/v2\/pages\/1952","targetHints":{"allow":["GET"]}}],"collection":[{"href":"https:\/\/sosforetfrance.org\/index.php\/wp-json\/wp\/v2\/pages"}],"about":[{"href":"https:\/\/sosforetfrance.org\/index.php\/wp-json\/wp\/v2\/types\/page"}],"author":[{"embeddable":true,"href":"https:\/\/sosforetfrance.org\/index.php\/wp-json\/wp\/v2\/users\/1"}],"replies":[{"embeddable":true,"href":"https:\/\/sosforetfrance.org\/index.php\/wp-json\/wp\/v2\/comments?post=1952"}],"version-history":[{"count":0,"href":"https:\/\/sosforetfrance.org\/index.php\/wp-json\/wp\/v2\/pages\/1952\/revisions"}],"wp:attachment":[{"href":"https:\/\/sosforetfrance.org\/index.php\/wp-json\/wp\/v2\/media?parent=1952"}],"curies":[{"name":"wp","href":"https:\/\/api.w.org\/{rel}","templated":true}]}}

Signature de l&rsquo;appel pour de forêts vivantes

<p><strong>Merci de votre participation. Votre signature est confirmée.</strong></p>



<p>L&rsquo;équipe de SOS forêt France et l&rsquo;équipe de coordination de l&rsquo;Appel pour des forêts vivantes.</p>

<p>Merci de votre participation. Votre signature est confirmée. L&rsquo;équipe de SOS forêt France et l&rsquo;équipe de coordination de l&rsquo;Appel pour des forêts vivantes.</p>

Merci de votre participation. Votre signature est confirmée. L&rsquo;équipe de SOS forêt France et l&rsquo;équipe de coordination de l&rsquo;Appel pour des forêts vivantes.
