{"id":2006,"date":"2021-09-28T12:00:05","date_gmt":"2021-09-28T10:00:05","guid":{"rendered":"https:\/\/sosforetfrance.org\/?page_id=2006"},"modified":"2021-12-21T18:02:57","modified_gmt":"2021-12-21T17:02:57","slug":"le-texte-de-lappel-pour-des-foret-vivantes","status":"publish","type":"page","link":"https:\/\/sosforetfrance.org\/index.php\/le-texte-de-lappel-pour-des-foret-vivantes\/","title":{"rendered":"L&rsquo;Appel pour des for\u00eats vivantes"},"content":{"rendered":"\n<p><strong><strong>Les for\u00eats sont riches, diverses, complexes, bref&nbsp;: vivantes. Mais l\u2019industrie aimerait les transformer en monocultures d\u2019arbres bien align\u00e9s, faciles \u00e0 r\u00e9colter, ma\u00eetris\u00e9s. Le gouvernement ne s\u2019y oppose pas, il assume&nbsp;: \u00ab&nbsp;<em>une for\u00eat, \u00e7a se cultive, \u00e7a s\u2019exploite<\/em>&nbsp;\u00bb. Pendant ce temps, loin des minist\u00e8res, la r\u00e9sistance s\u2019organise. Partout en France, des hommes et des femmes, des collectifs et des associations s\u2019activent, inventent des alternatives et d\u00e9fendent les for\u00eats. Le temps est venu d\u2019unir ces forces, pour faire front commun contre l\u2019industrialisation des for\u00eats&nbsp;!<\/strong><\/strong><\/p>\n\n\n\n<p><\/p>\n\n\n\n<h4 class=\"wp-block-heading\"><a href=\"https:\/\/sosforetfrance.org\/index.php\/appel-pour-des-forets-vivantes-je-signe\/\">Signer l&rsquo;Appel<\/a><\/h4>\n\n\n\n<figure class=\"wp-block-image size-large\"><img loading=\"lazy\" decoding=\"async\" width=\"1024\" height=\"682\" src=\"https:\/\/sosforetfrance.org\/wp-content\/uploads\/2021\/08\/Hetre-houpier-1024x682.jpg\" alt=\"\" class=\"wp-image-1876\" srcset=\"https:\/\/sosforetfrance.org\/wp-content\/uploads\/2021\/08\/Hetre-houpier-1024x682.jpg 1024w, https:\/\/sosforetfrance.org\/wp-content\/uploads\/2021\/08\/Hetre-houpier-300x200.jpg 300w, https:\/\/sosforetfrance.org\/wp-content\/uploads\/2021\/08\/Hetre-houpier-768x511.jpg 768w, https:\/\/sosforetfrance.org\/wp-content\/uploads\/2021\/08\/Hetre-houpier-1536x1022.jpg 1536w, https:\/\/sosforetfrance.org\/wp-content\/uploads\/2021\/08\/Hetre-houpier-1320x879.jpg 1320w, https:\/\/sosforetfrance.org\/wp-content\/uploads\/2021\/08\/Hetre-houpier.jpg 1663w\" sizes=\"auto, (max-width: 1024px) 100vw, 1024px\" \/><\/figure>\n\n\n\n<h3 class=\"wp-block-heading\"><strong>Les for\u00eats sont devenues un champ de bataille en proie aux machines et \u00e0 l\u2019app\u00e9tit insatiable des industriels&nbsp;<\/strong><\/h3>\n\n\n\n<p>Partout, dans&nbsp;nos communes, d\u00e9partements et r\u00e9gions de France, nous voyons notre bien commun se faire malmener, les coupes rases et les monocultures se multiplier. C\u2019est un fait palpable que nous \u00e9prouvons au quotidien, une violence que nous ressentons dans notre chair. Le productivisme gagne nos massifs forestiers et plie le vivant aux r\u00e8gles du march\u00e9. Des paysages s\u00e9culaires sont d\u00e9vast\u00e9s parfois en quelques heures&#8230; Les arbres sont moissonn\u00e9s comme du bl\u00e9. Partout, les for\u00eats sont vues comme un gisement in\u00e9puisable que l\u2019industrie est appel\u00e9e \u00e0 exploiter et le bois comme un simple mat\u00e9riaux \u00e0 transformer&nbsp;<\/p>\n\n\n\n<p><strong>Depuis cinq ans, l\u2019action du gouvernement est d\u00e9plorable.<\/strong> Alors que la Convention citoyenne pour le climat avait \u00e9mis des propositions ambitieuses pour les for\u00eats, l\u2019Ex\u00e9cutif a tout fait pour s\u2019y opposer, en amoindrir la port\u00e9e et les vider de leur substance. Quant au <a href=\"https:\/\/reporterre.net\/Le-hold-up-des-planteurs-d-arbres-sur-le-plan-de-relance\" target=\"_blank\" rel=\"noreferrer noopener\">plan de relance<\/a>, il a capitul\u00e9 devant les lobbies des planteurs d\u2019arbres sans aucune contrepartie environnementale s\u00e9rieuse. Tout au long du quinquennat, il n\u2019a cess\u00e9 de d\u00e9manteler le service public. Plus de <a href=\"https:\/\/reporterre.net\/Les-effectifs-des-gardes-forestiers-sont-tailles-a-la-hache\" target=\"_blank\" rel=\"noreferrer noopener\">1 000 postes de travail ont \u00e9t\u00e9 supprim\u00e9s<\/a> \u00e0 l\u2019Office national des for\u00eats depuis 2017.<br>475 postes suppl\u00e9mentaires pourraient dispara\u00eetre au cours des cinq prochaines ann\u00e9es.<\/p>\n\n\n\n<p><strong><strong>Au sommet de l\u2019\u00c9tat, tout est verrouill\u00e9.<\/strong> <\/strong>Les solutions ne viendront pas d\u2019en haut. Seule une pression, \u00e0 la base, sur le terrain, pourra les faire plier. Dans les couloirs feutr\u00e9s des minist\u00e8res, les industriels d\u00e9ploient leur strat\u00e9gie \u00e0 coup de bulldozers. Le ministre de l\u2019Agriculture, Julien Denormandie, s\u2019en fait le porte-voix. Dans <a href=\"https:\/\/www.lemonde.fr\/planete\/article\/2021\/07\/10\/le-ministre-de-l-agriculture-rallie-le-camp-des-defenseurs-d-une-exploitation-intensive-des-forets_6087840_3244.html\" target=\"_blank\" rel=\"noreferrer noopener\">une lettre<\/a> adress\u00e9e \u00e0 la Commission europ\u00e9enne, il s\u2019est attrist\u00e9 de voir \u00ab&nbsp;<em>les for\u00eats r\u00e9duites \u00e0 des consid\u00e9rations environnementales en ne tenant pas compte des aspects socio-\u00e9conomiques<\/em>&nbsp;\u00bb. A l\u2019Assembl\u00e9e nationale, il a affirm\u00e9 qu\u2019&nbsp;\u00ab&nbsp;<em>une for\u00eat, \u00e7a se cultive, \u00e7a s\u2019exploite<\/em>&nbsp;\u00bb. Le gouvernement veut accro\u00eetre les pr\u00e9l\u00e8vements en for\u00eat de <a href=\"https:\/\/www.alternatives-economiques.fr\/france-veut-couper-arbres-couper-emissions\/00098486\" target=\"_blank\" rel=\"noreferrer noopener\">70&nbsp;% d\u2019ici 2050<\/a> et passer d\u2019environ 60&nbsp;millions de m\u00e8tres cubes de bois r\u00e9colt\u00e9s par an \u00e0 plus d\u2019une centaine de million. Nous savons ce que cela implique&nbsp;: une exploitation toujours plus accrue des for\u00eats et une intensification des coupes-rases.<\/p>\n\n\n\n<h3 class=\"wp-block-heading\"><strong>Nous ne voulons pas \u00eatre les spectateurs passifs de la destruction en cours<\/strong><\/h3>\n\n\n\n<p><strong>Il n\u2019y a aucune fatalit\u00e9 \u00e0 la situation actuelle et il ne tient qu\u2019\u00e0 nous d\u2019en inverser la tendance. <\/strong>Un grand mouvement populaire est&nbsp;en train de na\u00eetre autour de la d\u00e9fense des arbres. Apr\u00e8s avoir \u00e9t\u00e9 d\u00e9poss\u00e9d\u00e9.e.s de tout un pan du territoire national, des habitant.e.s, des citoyen.ne.s, des associations, des forestier.e.s ont d\u00e9cid\u00e9 de se le r\u00e9approprier. Nous refusons que les&nbsp; for\u00eats subissent \u00e0 leur tour la logique industrielle qui a ravag\u00e9 et ravage encore&nbsp; l\u2019agriculture, qui d\u00e9truit des m\u00e9tiers et des savoir-faire reconnus et appauvrit la biodiversit\u00e9.<\/p>\n\n\n\n<figure class=\"wp-block-image size-large\"><img loading=\"lazy\" decoding=\"async\" width=\"1024\" height=\"685\" src=\"https:\/\/sosforetfrance.org\/wp-content\/uploads\/2021\/08\/Coupe-rase1-2-1024x685.jpg\" alt=\"\" class=\"wp-image-1874\" srcset=\"https:\/\/sosforetfrance.org\/wp-content\/uploads\/2021\/08\/Coupe-rase1-2-1024x685.jpg 1024w, https:\/\/sosforetfrance.org\/wp-content\/uploads\/2021\/08\/Coupe-rase1-2-300x201.jpg 300w, https:\/\/sosforetfrance.org\/wp-content\/uploads\/2021\/08\/Coupe-rase1-2-768x514.jpg 768w, https:\/\/sosforetfrance.org\/wp-content\/uploads\/2021\/08\/Coupe-rase1-2.jpg 1225w\" sizes=\"auto, (max-width: 1024px) 100vw, 1024px\" \/><\/figure>\n\n\n\n<p><strong>Partout, localement, des r\u00e9sistances sont d\u00e9j\u00e0 \u00e0 l\u2019\u0153uvre<\/strong>. Des alternatives \u00e9closent, des alliances naissent. D\u2019autres imaginaires s\u2019inventent. Ici, on ach\u00e8te des for\u00eats pour les g\u00e9rer de mani\u00e8re soutenable ou les laisser en libre \u00e9volution. L\u00e0, on d\u00e9veloppe des circuits courts de la grume \u00e0 la poutre. L\u00e0-bas, on s\u2019oppose \u00e0 un projet de m\u00e9ga-scierie. Des associations s\u2019engagent pour faire bouger la loi, des forestiers parviennent \u00e0 s\u2019extraire de pratiques sylvicoles qu\u2019ils savent nocives pour se tourner vers une sylviculture douce, des habitant.e.s cr\u00e9ent des vigies citoyennes. Des personnels de l\u2019ONF se mettent aussi en gr\u00e8ve. Nos luttes sont multiples. Nos actions s\u2019enrichissent mutuellement. Elles font bruisser le monde que nous souhaitons voir advenir. Elles lui donnent corps.<\/p>\n\n\n\n<p><strong>Mais ce n\u2019est pas suffisant. Pour gagner, nous devons passer \u00e0 un cran sup\u00e9rieur, <\/strong>tisser la toile d\u2019un r\u00e9cit commun, constituer un front. Tout porte \u00e0 croire que c\u2019est maintenant ou jamais. Nos for\u00eats sont \u00e0 la crois\u00e9e des chemins.<\/p>\n\n\n\n<p><strong><strong>Nous appelons \u00e0 une ann\u00e9e de mobilisation pour les for\u00eats fran\u00e7aises.<\/strong> <\/strong>La&nbsp;question des for\u00eats ne concerne pas seulement l\u2019autre bout de la plan\u00e8te l\u2019Amazonie,&nbsp;la Sib\u00e9rie ou&nbsp;l\u2019Ouest Canadien qui sont touch\u00e9s par les grands feux ou la d\u00e9forestation. Elle se joue ici sur nos territoires, en bas de chez nous. Ici aussi, les cons\u00e9quences du r\u00e9chauffement climatique se font sentir, les s\u00e9cheresses repr\u00e9sentent une menace devenue r\u00e9alit\u00e9, les for\u00eats d\u00e9p\u00e9rissent et la vision extractiviste continue de se propager. Ici aussi, les indicateurs sont dans le rouge. L\u2019horizon se couvre.<strong> <strong>Il y a urgence \u00e0 agir.<\/strong><\/strong><\/p>\n\n\n\n<h3 class=\"has-text-align-center has-background wp-block-heading\" style=\"background-color:#fbc739\"><strong>Nous appelons chaque collectif et association engag\u00e9s dans les for\u00eats \u00e0 participer <\/strong><br><strong>\u00e0 une campagne nationale contre leur industrialisation.<\/strong><br>Celle-ci se d\u00e9roulera au cours des trois prochaines saisons, en trois temps. C\u2019est une premi\u00e8re \u00e9tape, le d\u00e9but d\u2019une lente mont\u00e9e de s\u00e8ve&nbsp;!<\/h3>\n\n\n\n<h4 class=\"wp-block-heading\"><a href=\"https:\/\/sosforetfrance.org\/index.php\/appel-pour-des-forets-vivantes-je-signe\/\">Signer l&rsquo;Appel<\/a><\/h4>\n\n\n\n<h3 class=\"wp-block-heading\"><a href=\"https:\/\/sosforetfrance.org\/index.php\/appel-pour-des-forets-vivantes-je-propose-une-action\/\" target=\"_blank\" rel=\"noreferrer noopener\">Inscrire une action<\/a><\/h3>\n\n\n\n<h3 class=\"wp-block-heading\"><a href=\"https:\/\/sosforetfrance.org\/index.php\/appel-pour-des-forets-vivantes-saison-1\/\">Saison 1 : <strong>En automne, nous ferons \u00e9clater<\/strong><br><\/a><strong><a href=\"https:\/\/sosforetfrance.org\/index.php\/appel-pour-des-forets-vivantes-saison-1\/\" target=\"_blank\" rel=\"noreferrer noopener\">les couleurs chatoyantes de nos luttes&nbsp;!<\/a><\/strong><\/h3>\n\n\n\n<div data-wp-interactive=\"core\/file\" class=\"wp-block-file\"><object data-wp-bind--hidden=\"!state.hasPdfPreview\" hidden class=\"wp-block-file__embed\" data=\"https:\/\/sosforetfrance.org\/wp-content\/uploads\/2021\/10\/APPEL-POUR-DES-FORETS-VIVANTES-3.pdf\" type=\"application\/pdf\" style=\"width:100%;height:600px\" aria-label=\"Contenu embarqu\u00e9 Contenu embarqu\u00e9 APPEL POUR DES FORETS VIVANTES 3..\"><\/object><a href=\"https:\/\/sosforetfrance.org\/wp-content\/uploads\/2021\/10\/APPEL-POUR-DES-FORETS-VIVANTES-3.pdf\">APPEL POUR DES FORETS VIVANTES 3<\/a><a href=\"https:\/\/sosforetfrance.org\/wp-content\/uploads\/2021\/10\/APPEL-POUR-DES-FORETS-VIVANTES-3.pdf\" class=\"wp-block-file__button\" download>T\u00e9l\u00e9charger<\/a><\/div>\n","protected":false},"excerpt":{"rendered":"<p>Les for\u00eats sont riches, diverses, complexes, bref&nbsp;: vivantes. Mais l\u2019industrie aimerait les transformer en monocultures d\u2019arbres bien align\u00e9s, faciles \u00e0 r\u00e9colter, ma\u00eetris\u00e9s. Le gouvernement ne s\u2019y oppose pas, il assume&nbsp;: [&hellip;]<\/p>\n","protected":false},"author":1,"featured_media":0,"parent":0,"menu_order":0,"comment_status":"closed","ping_status":"closed","template":"","meta":{"_acf_changed":false,"_gspb_post_css":"","_uag_custom_page_level_css":"","_EventAllDay":false,"_EventTimezone":"","_EventStartDate":"","_EventEndDate":"","_EventStartDateUTC":"","_EventEndDateUTC":"","_EventShowMap":false,"_EventShowMapLink":false,"_EventURL":"","_EventCost":"","_EventCostDescription":"","_EventCurrencySymbol":"","_EventCurrencyCode":"","_EventCurrencyPosition":"","_EventDateTimeSeparator":"","_EventTimeRangeSeparator":"","_EventOrganizerID":[],"_EventVenueID":[],"_OrganizerEmail":"","_OrganizerPhone":"","_OrganizerWebsite":"","_VenueAddress":"","_VenueCity":"","_VenueCountry":"","_VenueProvince":"","_VenueState":"","_VenueZip":"","_VenuePhone":"","_VenueURL":"","_VenueStateProvince":"","_VenueLat":"","_VenueLng":"","_VenueShowMap":false,"_VenueShowMapLink":false,"footnotes":""},"class_list":["post-2006","page","type-page","status-publish","hentry"],"acf":[],"mb":[],"uagb_featured_image_src":{"full":false,"thumbnail":false,"medium":false,"medium_large":false,"large":false,"1536x1536":false,"2048x2048":false,"mailpoet_newsletter_max":false},"uagb_author_info":{"display_name":"admin7534","author_link":"https:\/\/sosforetfrance.org\/author\/admin7534\/"},"uagb_comment_info":0,"uagb_excerpt":"Les for\u00eats sont riches, diverses, complexes, bref&nbsp;: vivantes. Mais l\u2019industrie aimerait les transformer en monocultures d\u2019arbres bien align\u00e9s, faciles \u00e0 r\u00e9colter, ma\u00eetris\u00e9s. Le gouvernement ne s\u2019y oppose pas, il assume&nbsp;: [&hellip;]","mfb_rest_fields":["title","uagb_featured_image_src","uagb_author_info","uagb_comment_info","uagb_excerpt"],"_links":{"self":[{"href":"https:\/\/sosforetfrance.org\/index.php\/wp-json\/wp\/v2\/pages\/2006","targetHints":{"allow":["GET"]}}],"collection":[{"href":"https:\/\/sosforetfrance.org\/index.php\/wp-json\/wp\/v2\/pages"}],"about":[{"href":"https:\/\/sosforetfrance.org\/index.php\/wp-json\/wp\/v2\/types\/page"}],"author":[{"embeddable":true,"href":"https:\/\/sosforetfrance.org\/index.php\/wp-json\/wp\/v2\/users\/1"}],"replies":[{"embeddable":true,"href":"https:\/\/sosforetfrance.org\/index.php\/wp-json\/wp\/v2\/comments?post=2006"}],"version-history":[{"count":0,"href":"https:\/\/sosforetfrance.org\/index.php\/wp-json\/wp\/v2\/pages\/2006\/revisions"}],"wp:attachment":[{"href":"https:\/\/sosforetfrance.org\/index.php\/wp-json\/wp\/v2\/media?parent=2006"}],"curies":[{"name":"wp","href":"https:\/\/api.w.org\/{rel}","templated":true}]}}