{"id":2038,"date":"2021-09-28T19:30:51","date_gmt":"2021-09-28T17:30:51","guid":{"rendered":"https:\/\/sosforetfrance.org\/?page_id=2038"},"modified":"2021-10-12T12:13:52","modified_gmt":"2021-10-12T10:13:52","slug":"les-signataires-de-lappel","status":"publish","type":"page","link":"https:\/\/sosforetfrance.org\/index.php\/les-signataires-de-lappel\/","title":{"rendered":"Les signataires de l&rsquo;Appel"},"content":{"rendered":"\n<p>Adret Morvan<\/p>\n\n\n\n<p>Canop\u00e9e For\u00eat vivante<\/p>\n\n\n\n<p>Groupe national de surveillance des arbres<\/p>\n\n\n\n<p>Groupement forestier du chat sauvage<\/p>\n\n\n\n<p>R\u00e9seau pour les Alternatives Foresti\u00e8res<\/p>\n\n\n\n<p>Snupfen<\/p>\n\n\n\n<p>SOS for\u00eat<\/p>\n\n\n\n<p>Syndicat de la Montagne Limousine<\/p>\n\n\n\n<p>Touche pas \u00e0 ma for\u00eat Pyr\u00e9n\u00e9es<\/p>\n\n\n\n<p>Abracadabois,&nbsp;<\/p>\n\n\n\n<p>Action Non-Violente COP21 Nevers,&nbsp;<\/p>\n\n\n\n<p>Addoc,&nbsp;<\/p>\n\n\n\n<p>Adeny,&nbsp;<\/p>\n\n\n\n<p>Agis-Ta-Terre Penser Environnement pour Chateaubourg,&nbsp;<\/p>\n\n\n\n<p>Air Vigilance,&nbsp;<\/p>\n\n\n\n<p>Alternatiba Nevers,&nbsp;<\/p>\n\n\n\n<p>Amis de la nature de Luchon,\u00a0<\/p>\n\n\n\n<p>ANV COP21 Toulouse<\/p>\n\n\n\n<p>Arpent,&nbsp;<\/p>\n\n\n\n<p>ASPAS,&nbsp;<\/p>\n\n\n\n<p>Association APIFERA<\/p>\n\n\n\n<p>Association art\u2019boretum<\/p>\n\n\n\n<p>Association Fa\u00eete et Racines<\/p>\n\n\n\n<p>Association l&rsquo;Arbr&rsquo;en Soi<\/p>\n\n\n\n<p>Association pour la Conservation du Cadre de vie d\u2019Oloron et Bager, R\u00e9seau Fran\u00e7ais de la Construction Paille,&nbsp;<\/p>\n\n\n\n<p>Autun Morvan \u00e9cologie,&nbsp;<\/p>\n\n\n\n<p>Aux arbres d\u00e9chain\u00e9s,&nbsp;<\/p>\n\n\n\n<p>C\u0153ur de For\u00eat,\u00a0<\/p>\n\n\n\n<p>Collectif Anti Carri\u00e8re de Mazaugues<\/p>\n\n\n\n<p>Collectif Contourne-mentnon,&nbsp;<\/p>\n\n\n\n<p>Collectif Elz\u00e9ard \u2013 Lure en R\u00e9sistance,&nbsp;<\/p>\n\n\n\n<p>Collectif Opla,&nbsp;<\/p>\n\n\n\n<p>ECOPOLENERGIE<\/p>\n\n\n\n<p>Enfants des bois<\/p>\n\n\n\n<p>For\u00eat Citoyenne,&nbsp;<\/p>\n\n\n\n<p>For\u00eats vivantes en Haute Vall\u00e9e de l\u2019Aude<\/p>\n\n\n\n<p>Gnsa Rillieux-la-Pape,&nbsp;<\/p>\n\n\n\n<p>Groupement forestier citoyen Lu Picatau,&nbsp;<\/p>\n\n\n\n<p>Groupement Forestier La Salamandre, Syndicat National Professionnel de l\u2019Accompagnement et de l\u2019Education \u00e0 l\u2019Environnement,&nbsp;<\/p>\n\n\n\n<p>Groupement forestier pour la sauvegarde des feuillus du Morvan,&nbsp;<\/p>\n\n\n\n<p>L\u2019association NDDL Poursuivre ensemble,&nbsp;<\/p>\n\n\n\n<p>L\u2019iris sauvage<\/p>\n\n\n\n<p>La Bresseille,&nbsp;<\/p>\n\n\n\n<p>Les amis de notre for\u00eat au Duc,&nbsp;<\/p>\n\n\n\n<p>Les porte paroles de la for\u00eat de Fougerolles Saint-Valbert,<\/p>\n\n\n\n<p>LPO Limousin,&nbsp;<\/p>\n\n\n\n<p>M\u00e9sange et libellule,&nbsp;<\/p>\n\n\n\n<p>Nemeton,&nbsp;<\/p>\n\n\n\n<p>Recrue d\u2019essences,&nbsp;<\/p>\n\n\n\n<p>Robin du bois,&nbsp;<\/p>\n\n\n\n<p>Sempervirens,&nbsp;<\/p>\n\n\n\n<p>Soupes et bobines<\/p>\n\n\n\n<p>Une for\u00eat et des hommes de saint Gobain<\/p>\n","protected":false},"excerpt":{"rendered":"<p>Adret Morvan Canop\u00e9e For\u00eat vivante Groupe national de surveillance des arbres Groupement forestier du chat sauvage R\u00e9seau pour les Alternatives Foresti\u00e8res Snupfen SOS for\u00eat Syndicat de la Montagne Limousine Touche [&hellip;]<\/p>\n","protected":false},"author":1,"featured_media":0,"parent":0,"menu_order":0,"comment_status":"closed","ping_status":"closed","template":"","meta":{"_acf_changed":false,"_gspb_post_css":"","_uag_custom_page_level_css":"","_EventAllDay":false,"_EventTimezone":"","_EventStartDate":"","_EventEndDate":"","_EventStartDateUTC":"","_EventEndDateUTC":"","_EventShowMap":false,"_EventShowMapLink":false,"_EventURL":"","_EventCost":"","_EventCostDescription":"","_EventCurrencySymbol":"","_EventCurrencyCode":"","_EventCurrencyPosition":"","_EventDateTimeSeparator":"","_EventTimeRangeSeparator":"","_EventOrganizerID":[],"_EventVenueID":[],"_OrganizerEmail":"","_OrganizerPhone":"","_OrganizerWebsite":"","_VenueAddress":"","_VenueCity":"","_VenueCountry":"","_VenueProvince":"","_VenueState":"","_VenueZip":"","_VenuePhone":"","_VenueURL":"","_VenueStateProvince":"","_VenueLat":"","_VenueLng":"","_VenueShowMap":false,"_VenueShowMapLink":false,"footnotes":""},"class_list":["post-2038","page","type-page","status-publish","hentry"],"mb":[],"acf":[],"uagb_featured_image_src":{"full":false,"thumbnail":false,"medium":false,"medium_large":false,"large":false,"1536x1536":false,"2048x2048":false,"mailpoet_newsletter_max":false},"uagb_author_info":{"display_name":"admin7534","author_link":"https:\/\/sosforetfrance.org\/author\/admin7534\/"},"uagb_comment_info":0,"uagb_excerpt":"Adret Morvan Canop\u00e9e For\u00eat vivante Groupe national de surveillance des arbres Groupement forestier du chat sauvage R\u00e9seau pour les Alternatives Foresti\u00e8res Snupfen SOS for\u00eat Syndicat de la Montagne Limousine Touche [&hellip;]","mfb_rest_fields":["title","uagb_featured_image_src","uagb_author_info","uagb_comment_info","uagb_excerpt"],"_links":{"self":[{"href":"https:\/\/sosforetfrance.org\/index.php\/wp-json\/wp\/v2\/pages\/2038","targetHints":{"allow":["GET"]}}],"collection":[{"href":"https:\/\/sosforetfrance.org\/index.php\/wp-json\/wp\/v2\/pages"}],"about":[{"href":"https:\/\/sosforetfrance.org\/index.php\/wp-json\/wp\/v2\/types\/page"}],"author":[{"embeddable":true,"href":"https:\/\/sosforetfrance.org\/index.php\/wp-json\/wp\/v2\/users\/1"}],"replies":[{"embeddable":true,"href":"https:\/\/sosforetfrance.org\/index.php\/wp-json\/wp\/v2\/comments?post=2038"}],"version-history":[{"count":0,"href":"https:\/\/sosforetfrance.org\/index.php\/wp-json\/wp\/v2\/pages\/2038\/revisions"}],"wp:attachment":[{"href":"https:\/\/sosforetfrance.org\/index.php\/wp-json\/wp\/v2\/media?parent=2038"}],"curies":[{"name":"wp","href":"https:\/\/api.w.org\/{rel}","templated":true}]}}

<p>Adret Morvan</p>



<p>Canopée Forêt vivante</p>



<p>Groupe national de surveillance des arbres</p>



<p>Groupement forestier du chat sauvage</p>



<p>Réseau pour les Alternatives Forestières</p>



<p>Snupfen</p>



<p>SOS forêt</p>



<p>Syndicat de la Montagne Limousine</p>



<p>Touche pas à ma forêt Pyrénées</p>



<p>Abracadabois,&nbsp;</p>



<p>Action Non-Violente COP21 Nevers,&nbsp;</p>



<p>Addoc,&nbsp;</p>



<p>Adeny,&nbsp;</p>



<p>Agis-Ta-Terre Penser Environnement pour Chateaubourg,&nbsp;</p>



<p>Air Vigilance,&nbsp;</p>



<p>Alternatiba Nevers,&nbsp;</p>



<p>Amis de la nature de Luchon, </p>



<p>ANV COP21 Toulouse</p>



<p>Arpent,&nbsp;</p>



<p>ASPAS,&nbsp;</p>



<p>Association APIFERA</p>



<p>Association art’boretum</p>



<p>Association Faîte et Racines</p>



<p>Association l&rsquo;Arbr&rsquo;en Soi</p>



<p>Association pour la Conservation du Cadre de vie d’Oloron et Bager, Réseau Français de la Construction Paille,&nbsp;</p>



<p>Autun Morvan écologie,&nbsp;</p>



<p>Aux arbres déchainés,&nbsp;</p>



<p>Cœur de Forêt, </p>



<p>Collectif Anti Carrière de Mazaugues</p>



<p>Collectif Contourne-mentnon,&nbsp;</p>



<p>Collectif Elzéard – Lure en Résistance,&nbsp;</p>



<p>Collectif Opla,&nbsp;</p>



<p>ECOPOLENERGIE</p>



<p>Enfants des bois</p>



<p>Forêt Citoyenne,&nbsp;</p>



<p>Forêts vivantes en Haute Vallée de l’Aude</p>



<p>Gnsa Rillieux-la-Pape,&nbsp;</p>



<p>Groupement forestier citoyen Lu Picatau,&nbsp;</p>



<p>Groupement Forestier La Salamandre, Syndicat National Professionnel de l’Accompagnement et de l’Education à l’Environnement,&nbsp;</p>



<p>Groupement forestier pour la sauvegarde des feuillus du Morvan,&nbsp;</p>



<p>L’association NDDL Poursuivre ensemble,&nbsp;</p>



<p>L’iris sauvage</p>



<p>La Bresseille,&nbsp;</p>



<p>Les amis de notre forêt au Duc,&nbsp;</p>



<p>Les porte paroles de la forêt de Fougerolles Saint-Valbert,</p>



<p>LPO Limousin,&nbsp;</p>



<p>Mésange et libellule,&nbsp;</p>



<p>Nemeton,&nbsp;</p>



<p>Recrue d’essences,&nbsp;</p>



<p>Robin du bois,&nbsp;</p>



<p>Sempervirens,&nbsp;</p>



<p>Soupes et bobines</p>



<p>Une forêt et des hommes de saint Gobain</p>

<p>Adret Morvan Canopée Forêt vivante Groupe national de surveillance des arbres Groupement forestier du chat sauvage Réseau pour les Alternatives Forestières Snupfen SOS forêt Syndicat de la Montagne Limousine Touche [&hellip;]</p>

Adret Morvan Canopée Forêt vivante Groupe national de surveillance des arbres Groupement forestier du chat sauvage Réseau pour les Alternatives Forestières Snupfen SOS forêt Syndicat de la Montagne Limousine Touche [&hellip;]
