{"id":48,"date":"2019-07-15T11:25:01","date_gmt":"2019-07-15T09:25:01","guid":{"rendered":"http:\/\/sosforetfrance.org\/?page_id=48"},"modified":"2020-08-07T11:04:28","modified_gmt":"2020-08-07T09:04:28","slug":"la-situation-de-la-foret-francaise","status":"publish","type":"page","link":"https:\/\/sosforetfrance.org\/index.php\/la-situation-de-la-foret-francaise\/","title":{"rendered":"Pourquoi la for\u00eat fran\u00e7aise est en danger ?"},"content":{"rendered":"\n<figure class=\"wp-block-image\"><img loading=\"lazy\" decoding=\"async\" width=\"1024\" height=\"353\" src=\"http:\/\/sosforetfrance.org\/wp-content\/uploads\/2019\/08\/givre-1024x353.jpg\" alt=\"givre champs avec for\u00eat en arri\u00e8re plan\" class=\"wp-image-241\" srcset=\"https:\/\/sosforetfrance.org\/wp-content\/uploads\/2019\/08\/givre-1024x353.jpg 1024w, https:\/\/sosforetfrance.org\/wp-content\/uploads\/2019\/08\/givre-300x104.jpg 300w, https:\/\/sosforetfrance.org\/wp-content\/uploads\/2019\/08\/givre-768x265.jpg 768w, https:\/\/sosforetfrance.org\/wp-content\/uploads\/2019\/08\/givre-350x121.jpg 350w\" sizes=\"auto, (max-width: 1024px) 100vw, 1024px\" \/><\/figure>\n\n\n\n<p><strong>La for\u00eat est le plus important puits de carbone apr\u00e8s les oc\u00e9ans<\/strong>.\n C\u2019est aussi un des rares milieux o\u00f9 une certaine biodiversit\u00e9 existe \nencore, notamment dans les vieux arbres et pour les espaces bois\u00e9s qui \nsont pr\u00e9serv\u00e9s de la monoculture industrielle.<\/p>\n\n\n\n<p>Pourtant, l\u2019\u00c9tat fran\u00e7ais, sous influence des lobbies \nindustrialistes, s\u2018\u00e9vertue, par ses lois, ses subventions, ses avantages\n fiscaux et plus directement avec la nouvelle politique de l\u2019ONF\u2026 \u00e0 la \nd\u00e9truire. On va nous dire \u00ab&nbsp;la d\u00e9truire&nbsp;\u00bb c\u2019est exag\u00e9r\u00e9, la surface \nforesti\u00e8re augmente&nbsp;! Elle a en effet beaucoup augment\u00e9 au cours du 20<sup>e<\/sup> si\u00e8cle. Elle n\u2019augmente plus depuis une dizaine d\u2019ann\u00e9es. Mais le sujet n\u2019est pas l\u00e0.<\/p>\n\n\n\n<p><strong>Le sujet c\u2019est que depuis quelques d\u00e9cennies on cherche \u00e0 formater la for\u00eat pour l\u2019adapter \u00e0 l\u2019industrie.<\/strong>\n On rase des for\u00eats anciennes diversifi\u00e9es en essences et en \u00e2ge pour \nles remplacer par des monocultures adapt\u00e9es \u00e0 une r\u00e9colte \u00e0 la machine \net \u00e0 la demande commerciale de r\u00e9sineux. On d\u00e9truit la for\u00eat et sa \nbiodiversit\u00e9 pour planter des monocultures intensives d\u2019arbres qui ne \nm\u00e9ritent pas le nom de for\u00eat&nbsp;!<\/p>\n\n\n\n<p>De plus en plus souvent, on utilise des pesticides, des herbicides, \ndes engrais, des boues de stations d\u2019\u00e9puration\u2026 Bref, on cherche \u00e0 \nappliquer en for\u00eat les m\u00eames m\u00e9thodes qu\u2019en agriculture intensive, avec \nles m\u00eames raisonnements industrialistes et financiers, avec les m\u00eames \nd\u00e9boires pour l\u2019eau, pour la biodiversit\u00e9, pour les sols, pour le \nclimat, pour les humains qui y travaillent, pour les animaux qui y \nvivent, pour les populations locales, sans tenir compte des mauvaises \nexp\u00e9riences de l\u2019agriculture. \u00c0 quelques diff\u00e9rences pr\u00e8s&nbsp;:<\/p>\n\n\n\n<ul class=\"wp-block-list\"><li>Les espaces forestiers sont des \u00e9cosyst\u00e8mes complexes qui abritent \ndepuis tr\u00e8s longtemps une biodiversit\u00e9 consid\u00e9rablement plus d\u00e9velopp\u00e9e \nque les espaces cultiv\u00e9s (dont des esp\u00e8ces chass\u00e9es des milieux ouverts \npar l\u2019agriculture intensive qui trouvent leur dernier refuge en for\u00eat)<\/li><li>reconvertir un sol agricole en culture \u00ab&nbsp;bio&nbsp;\u00bb prend quelques \nann\u00e9es, convertir une plantation de Douglas en for\u00eat diversifi\u00e9e prendra\n plusieurs dizaines voire plusieurs centaines d\u2019ann\u00e9es et encore plus \nlongtemps pour la reconstitution du stock de carbone du sol forestier \nd\u00e9truit par la coupe rase et de l\u2019\u00e9cosyst\u00e8me forestier.<\/li><li>Le pourcentage de surface foresti\u00e8re industrialis\u00e9e est plus faible que celui de terre agricole mais le processus s\u2019acc\u00e9l\u00e8re\u2026<\/li><\/ul>\n\n\n\n<p>Et pourtant, contrairement \u00e0 ce que les lobbyistes tentent de nous imposer comme une \u00e9vidence<strong>, on sait parfaitement g\u00e9rer la for\u00eat pour produire du bois en gardant un couvert forestier permanent<\/strong>,\n tout en maintenant et m\u00eame en favorisant la biodiversit\u00e9, le stockage \ndu carbone, la qualit\u00e9 de l\u2019eau, les emplois de forestiers qualifi\u00e9s et \nles petites scieries de proximit\u00e9, dans le respect des populations \nlocales. On sait le faire en produisant autant de bois et<strong>\u2026 en gagnant autant d\u2019argent voir plus&nbsp;(1)!<\/strong><\/p>\n\n\n\n<p>Mais ce calcul est valable sur la dur\u00e9e de renouvellement de \nl\u2019\u00e9cosyst\u00e8me forestier&nbsp;: 100, 200, 300 ans\u2026 Si on d\u00e9cide de faire le \nmaximum d\u2019argent sur la dur\u00e9e la plus courte possible, si c\u2019est le cours\n de la bourse et les dividendes qui gouvernent \u00e0 court terme la gestion \nforesti\u00e8re aux d\u00e9pends des g\u00e9n\u00e9rations futures, si l\u2019on tient compte des\n subventions et des avantages fiscaux, effectivement la for\u00eat \nindustrielle rapporte plus aux gros propri\u00e9taires, aux \u00ab&nbsp;coop\u00e9ratives&nbsp;\u00bb \nforesti\u00e8res et aux industriels de la fili\u00e8re bois, mais \u00e0 court terme &nbsp;!<\/p>\n\n\n\n<p>Le tout se fait dans un silence presque total, comme dans une \nplantation de r\u00e9sineux o\u00f9 tous les oiseaux ont disparu. Les \ngouvernements successifs et la fili\u00e8re bois ont bien compris \nl\u2019importance de la communication. Ils d\u00e9ploient un brouillard \u00ab&nbsp;vert&nbsp;\u00bb \nautour de la gestion foresti\u00e8re \u00ab&nbsp;durable&nbsp;\u00bb dont se satisfont m\u00eame \ncertaines associations environnementales, la biomasse foresti\u00e8re \u00e9tant \nbien utile pour boucler le mixte \u00e9nerg\u00e9tique vert\u2026<\/p>\n\n\n\n<p>En savoir plus<\/p>\n\n\n\n<ol class=\"wp-block-list\"><li><a rel=\"noreferrer noopener\" aria-label=\"Prosilva (s\u2019ouvre dans un nouvel onglet)\" href=\"https:\/\/www.prosilva.fr\/html\/index.html?PHPSESSID=f7b4db4a1ef14fd6b59d6b95891cb8ed\" target=\"_blank\">Prosilva<\/a> a th\u00e9oris\u00e9 et applique une sylviculture qui respecte la for\u00eat tout en rapportant autant voire plus d\u2019argent. <a rel=\"noreferrer noopener\" aria-label=\"Le r\u00e9seau pour les alternatives foresti\u00e8res (s\u2019ouvre dans un nouvel onglet)\" href=\"\/\/alternativesforestieres.org\/\" target=\"_blank\">Le r\u00e9seau pour les alternatives foresti\u00e8res<\/a> favorise aussi les d\u00e9marches autour de la sylviculture douce.<\/li><\/ol>\n","protected":false},"excerpt":{"rendered":"<p>La for\u00eat est le plus important puits de carbone apr\u00e8s les oc\u00e9ans. C\u2019est aussi un des rares milieux o\u00f9 une certaine biodiversit\u00e9 existe encore, notamment dans les vieux arbres et [&hellip;]<\/p>\n","protected":false},"author":1,"featured_media":0,"parent":0,"menu_order":0,"comment_status":"closed","ping_status":"closed","template":"","meta":{"_acf_changed":false,"_gspb_post_css":"","_uag_custom_page_level_css":"","_EventAllDay":false,"_EventTimezone":"","_EventStartDate":"","_EventEndDate":"","_EventStartDateUTC":"","_EventEndDateUTC":"","_EventShowMap":false,"_EventShowMapLink":false,"_EventURL":"","_EventCost":"","_EventCostDescription":"","_EventCurrencySymbol":"","_EventCurrencyCode":"","_EventCurrencyPosition":"","_EventDateTimeSeparator":"","_EventTimeRangeSeparator":"","_EventOrganizerID":[],"_EventVenueID":[],"_OrganizerEmail":"","_OrganizerPhone":"","_OrganizerWebsite":"","_VenueAddress":"","_VenueCity":"","_VenueCountry":"","_VenueProvince":"","_VenueState":"","_VenueZip":"","_VenuePhone":"","_VenueURL":"","_VenueStateProvince":"","_VenueLat":"","_VenueLng":"","_VenueShowMap":false,"_VenueShowMapLink":false,"footnotes":""},"class_list":["post-48","page","type-page","status-publish","hentry"],"mb":[],"acf":[],"uagb_featured_image_src":{"full":false,"thumbnail":false,"medium":false,"medium_large":false,"large":false,"1536x1536":false,"2048x2048":false,"mailpoet_newsletter_max":false},"uagb_author_info":{"display_name":"admin7534","author_link":"https:\/\/sosforetfrance.org\/author\/admin7534\/"},"uagb_comment_info":0,"uagb_excerpt":"La for\u00eat est le plus important puits de carbone apr\u00e8s les oc\u00e9ans. C\u2019est aussi un des rares milieux o\u00f9 une certaine biodiversit\u00e9 existe encore, notamment dans les vieux arbres et [&hellip;]","mfb_rest_fields":["title","uagb_featured_image_src","uagb_author_info","uagb_comment_info","uagb_excerpt"],"_links":{"self":[{"href":"https:\/\/sosforetfrance.org\/index.php\/wp-json\/wp\/v2\/pages\/48","targetHints":{"allow":["GET"]}}],"collection":[{"href":"https:\/\/sosforetfrance.org\/index.php\/wp-json\/wp\/v2\/pages"}],"about":[{"href":"https:\/\/sosforetfrance.org\/index.php\/wp-json\/wp\/v2\/types\/page"}],"author":[{"embeddable":true,"href":"https:\/\/sosforetfrance.org\/index.php\/wp-json\/wp\/v2\/users\/1"}],"replies":[{"embeddable":true,"href":"https:\/\/sosforetfrance.org\/index.php\/wp-json\/wp\/v2\/comments?post=48"}],"version-history":[{"count":0,"href":"https:\/\/sosforetfrance.org\/index.php\/wp-json\/wp\/v2\/pages\/48\/revisions"}],"wp:attachment":[{"href":"https:\/\/sosforetfrance.org\/index.php\/wp-json\/wp\/v2\/media?parent=48"}],"curies":[{"name":"wp","href":"https:\/\/api.w.org\/{rel}","templated":true}]}}