{"id":60,"date":"2019-07-15T11:46:35","date_gmt":"2019-07-15T09:46:35","guid":{"rendered":"http:\/\/sosforetfrance.org\/?page_id=60"},"modified":"2019-08-28T02:28:25","modified_gmt":"2019-08-28T00:28:25","slug":"biodiversite","status":"publish","type":"page","link":"https:\/\/sosforetfrance.org\/index.php\/biodiversite\/","title":{"rendered":"Biodiversit\u00e9"},"content":{"rendered":"\n<h1 class=\"wp-block-heading\">L\u2019industrialisation d\u00e9truit l\u2019\u00e9cosyst\u00e8me forestier avec nos imp\u00f4ts<\/h1>\n\n\n\n<p>L\u2019industrialisation de la for\u00eat n\u2019est pas nouvelle, mais depuis une\n quinzaine d\u2019ann\u00e9e, les politiques, sous la pression des lobbies, des \nconvenances \u00e9conomiques du 21<sup>e<\/sup> si\u00e8cle et du court-termisme \nont amplifi\u00e9 une politique qui a des cons\u00e9quences catastrophiques sur la\n biodiversit\u00e9, l\u2019environnement, l\u2019eau, le carbone, les emplois et les \nsavoir-faire forestiers.<\/p>\n\n\n\n<figure class=\"wp-block-image\"><img loading=\"lazy\" decoding=\"async\" width=\"1024\" height=\"680\" src=\"http:\/\/sosforetfrance.org\/wp-content\/uploads\/2019\/07\/Grand-capricorne-1-1024x680.jpg\" alt=\"Grand capricorne sur une \u00e9corce recouverte de mousses.\" class=\"wp-image-205\" srcset=\"https:\/\/sosforetfrance.org\/wp-content\/uploads\/2019\/07\/Grand-capricorne-1-1024x680.jpg 1024w, https:\/\/sosforetfrance.org\/wp-content\/uploads\/2019\/07\/Grand-capricorne-1-300x199.jpg 300w, https:\/\/sosforetfrance.org\/wp-content\/uploads\/2019\/07\/Grand-capricorne-1-768x510.jpg 768w, https:\/\/sosforetfrance.org\/wp-content\/uploads\/2019\/07\/Grand-capricorne-1-350x233.jpg 350w\" sizes=\"auto, (max-width: 1024px) 100vw, 1024px\" \/><figcaption>Grand capricorne<\/figcaption><\/figure>\n\n\n\n<p>Comme en agriculture, la sylviculture intensive en plein \nd\u00e9veloppement gr\u00e2ce aux subventions publiques, appauvrit, tasse et \nlessive les sols, alt\u00e8re la biodiversit\u00e9 foresti\u00e8re qui r\u00e9gresse \nfortement. La qualit\u00e9 et la quantit\u00e9 d\u2019eau sont affect\u00e9es ainsi que le \ncycle du carbone, les emplois et les savoir-faire forestiers \ndisparaissent au b\u00e9n\u00e9fice des quelques gros op\u00e9rateurs capables \nd\u2019investir dans de grosses machines. De m\u00eame que les produits \nalimentaires, maintenant nos arbres voyagent beaucoup et passent trop \nsouvent par la Chine afin de revenir sous forme de meubles ou de \nparquets dans nos magasins\u2026<\/p>\n\n\n\n<p>Le gouvernement propose un choc pour sauver la plan\u00e8te et affiche 2 \npriorit\u00e9s&nbsp;: le carbone et la biodiversit\u00e9, mais, comme les pr\u00e9c\u00e9dents, \nfait tout le contraire en for\u00eat. Si l\u2019avidit\u00e9 des soci\u00e9t\u00e9s priv\u00e9es peut \ns\u2019expliquer (elles sont faites pour gagner de l\u2019argent), l\u2019\u00c9tat devrait \navoir pour r\u00f4le de fixer des r\u00e8gles pour assurer l\u2019avenir des \ng\u00e9n\u00e9rations futures et non de d\u00e9penser nos imp\u00f4ts pour entretenir un \nsyst\u00e8me \u00e9conomique d\u00e9pass\u00e9 qui d\u00e9truit la biodiversit\u00e9 et aggrave le \nchangement climatique. Plus grave, c\u2019est parfois au nom de la r\u00e9duction \ndes \u00e9missions de carbone et de \u00ab&nbsp;l\u2019\u00e9cologie&nbsp;\u00bb que nos \u00e9lus distribuent \ndes subventions qui produisent l\u2019effet contraire.<\/p>\n\n\n\n<p>Un fait significatif parmi d\u2019autres&nbsp;: en 2015, l\u2019Etat accordait \u00e0 \nEon, g\u00e9ant allemand de l\u2019\u00e9lectricit\u00e9, une manne de 70 millions d\u2019\u20ac \nd\u2019argent public par an garantie sur 20 ans pour l\u2019aider \u00e0 implanter sa \ncentrale biomasse g\u00e9ante \u00e0 Gardanne. Dans le m\u00eame temps, l\u2019Etat \ndiminuait du m\u00eame montant son financement de deux \u00e9tablissements publics\n de gestion foresti\u00e8re&nbsp;: -50 millions pour l\u2019ONF, gestionnaire des \nfor\u00eats publiques, et -20 millions pour le CNPF, conseiller des \nforestiers priv\u00e9s, tous deux charg\u00e9s de faire respecter le code \nforestier.<\/p>\n\n\n\n<p>Le d\u00e9sengagement financier et strat\u00e9gique de l\u2019Etat envers l\u2019ONF se \npoursuit, conduisant \u00e0 des suppressions d\u2019emplois de forestiers \nasserment\u00e9s, la disparition de leur formation continue, et le glissement\n vers une privatisation du contr\u00f4le r\u00e9galien de la gestion foresti\u00e8re.<\/p>\n\n\n\n<p>Pourtant certaines pratiques sylvicoles existent qui permettent \u00e0 la \nfois, de fournir du bois aux humains, de pr\u00e9server les sols, l\u2019eau, la \nbiodiversit\u00e9, l\u2019emploi, les savoirs faires, la ressource pour les \ng\u00e9n\u00e9rations futures et de capter du carbone\u2026 tout en gagnant plus \nd\u2019argent\u2026 sur la dur\u00e9e de vie d\u2019une for\u00eat.<\/p>\n\n\n\n<figure class=\"wp-block-image\"><img loading=\"lazy\" decoding=\"async\" width=\"1024\" height=\"680\" src=\"http:\/\/sosforetfrance.org\/wp-content\/uploads\/2019\/07\/Champi-Pied-bleu-1024x680.jpg\" alt=\"Champignons pieds bleus sur tapie de feuilles \u00e0 l'automne.\" class=\"wp-image-190\" srcset=\"https:\/\/sosforetfrance.org\/wp-content\/uploads\/2019\/07\/Champi-Pied-bleu-1024x680.jpg 1024w, https:\/\/sosforetfrance.org\/wp-content\/uploads\/2019\/07\/Champi-Pied-bleu-300x199.jpg 300w, https:\/\/sosforetfrance.org\/wp-content\/uploads\/2019\/07\/Champi-Pied-bleu-768x510.jpg 768w, https:\/\/sosforetfrance.org\/wp-content\/uploads\/2019\/07\/Champi-Pied-bleu-350x233.jpg 350w\" sizes=\"auto, (max-width: 1024px) 100vw, 1024px\" \/><\/figure>\n\n\n\n<p>On ne peut que constater que plus les scientifiques d\u00e9couvrent et \nexpliquent l\u2019extr\u00eame sophistication de l\u2019\u00e9cosyst\u00e8me forestier et \nl\u2019urgence absolue de le pr\u00e9server pour l\u2019avenir de l\u2019humanit\u00e9, plus les \npolitiques publiques s\u2019ing\u00e9nient \u00e0 le d\u00e9truire\u2026<\/p>\n","protected":false},"excerpt":{"rendered":"<p>L\u2019industrialisation d\u00e9truit l\u2019\u00e9cosyst\u00e8me forestier avec nos imp\u00f4ts L\u2019industrialisation de la for\u00eat n\u2019est pas nouvelle, mais depuis une quinzaine d\u2019ann\u00e9e, les politiques, sous la pression des lobbies, des convenances \u00e9conomiques du [&hellip;]<\/p>\n","protected":false},"author":1,"featured_media":0,"parent":0,"menu_order":0,"comment_status":"closed","ping_status":"closed","template":"","meta":{"_acf_changed":false,"_gspb_post_css":"","_uag_custom_page_level_css":"","_EventAllDay":false,"_EventTimezone":"","_EventStartDate":"","_EventEndDate":"","_EventStartDateUTC":"","_EventEndDateUTC":"","_EventShowMap":false,"_EventShowMapLink":false,"_EventURL":"","_EventCost":"","_EventCostDescription":"","_EventCurrencySymbol":"","_EventCurrencyCode":"","_EventCurrencyPosition":"","_EventDateTimeSeparator":"","_EventTimeRangeSeparator":"","_EventOrganizerID":[],"_EventVenueID":[],"_OrganizerEmail":"","_OrganizerPhone":"","_OrganizerWebsite":"","_VenueAddress":"","_VenueCity":"","_VenueCountry":"","_VenueProvince":"","_VenueState":"","_VenueZip":"","_VenuePhone":"","_VenueURL":"","_VenueStateProvince":"","_VenueLat":"","_VenueLng":"","_VenueShowMap":false,"_VenueShowMapLink":false,"footnotes":""},"class_list":["post-60","page","type-page","status-publish","hentry"],"acf":[],"mb":[],"uagb_featured_image_src":{"full":false,"thumbnail":false,"medium":false,"medium_large":false,"large":false,"1536x1536":false,"2048x2048":false,"mailpoet_newsletter_max":false},"uagb_author_info":{"display_name":"admin7534","author_link":"https:\/\/sosforetfrance.org\/author\/admin7534\/"},"uagb_comment_info":0,"uagb_excerpt":"L\u2019industrialisation d\u00e9truit l\u2019\u00e9cosyst\u00e8me forestier avec nos imp\u00f4ts L\u2019industrialisation de la for\u00eat n\u2019est pas nouvelle, mais depuis une quinzaine d\u2019ann\u00e9e, les politiques, sous la pression des lobbies, des convenances \u00e9conomiques du [&hellip;]","mfb_rest_fields":["title","uagb_featured_image_src","uagb_author_info","uagb_comment_info","uagb_excerpt"],"_links":{"self":[{"href":"https:\/\/sosforetfrance.org\/index.php\/wp-json\/wp\/v2\/pages\/60","targetHints":{"allow":["GET"]}}],"collection":[{"href":"https:\/\/sosforetfrance.org\/index.php\/wp-json\/wp\/v2\/pages"}],"about":[{"href":"https:\/\/sosforetfrance.org\/index.php\/wp-json\/wp\/v2\/types\/page"}],"author":[{"embeddable":true,"href":"https:\/\/sosforetfrance.org\/index.php\/wp-json\/wp\/v2\/users\/1"}],"replies":[{"embeddable":true,"href":"https:\/\/sosforetfrance.org\/index.php\/wp-json\/wp\/v2\/comments?post=60"}],"version-history":[{"count":0,"href":"https:\/\/sosforetfrance.org\/index.php\/wp-json\/wp\/v2\/pages\/60\/revisions"}],"wp:attachment":[{"href":"https:\/\/sosforetfrance.org\/index.php\/wp-json\/wp\/v2\/media?parent=60"}],"curies":[{"name":"wp","href":"https:\/\/api.w.org\/{rel}","templated":true}]}}