{"id":855,"date":"2020-02-11T11:53:17","date_gmt":"2020-02-11T10:53:17","guid":{"rendered":"https:\/\/sosforetfrance.org\/?page_id=855"},"modified":"2020-02-11T18:59:38","modified_gmt":"2020-02-11T17:59:38","slug":"mesure-3","status":"publish","type":"page","link":"https:\/\/sosforetfrance.org\/index.php\/mesure-3\/","title":{"rendered":"M3 biomasse"},"content":{"rendered":"\n<h2 class=\"wp-block-heading\">Limiter les utilisations <br>de la biomasse foresti\u00e8re<\/h2>\n\n\n\n<p><strong>Chiffrer les \u00e9missions r\u00e9elles de CO2 associ\u00e9es \u00e0 la combustion de bois et reconna\u00eetre que cette utilisation n\u2019est pas \u201cneutre\u201d en carbone dans les politiques \u00e9nerg\u00e9tiques.<br> Diminuer les objectifs de pr\u00e9l\u00e8vement et d\u2019utilisation de la biomasse dans la Strat\u00e9gie Nationale Bas Carbone et dans la Strat\u00e9gie Nationale Biomasse, en coh\u00e9rence avec l\u2019objectif de stabilisation du niveau de r\u00e9colte au niveau de 2016.<\/strong><\/p>\n\n\n\n<h4 class=\"wp-block-heading\">Contexte \/ D\u00e9finitions\u2009:<\/h4>\n\n\n\n<p>Les objectifs nationaux et r\u00e9gionaux de valorisation \u00e9nerg\u00e9tique du bois sont trop \u00e9lev\u00e9s et ne permettent pas aux peuplements d\u2019atteindre leur stockage optimal de carbone. Il est indispensable de revoir ces objectifs \u00e0 la baisse, de ne plus d\u00e9livrer d\u2019autorisation d\u2019exploitation pour de nouveaux projets industriels de production d\u2019\u00e9lectricit\u00e9 \u00e0 partir de biomasse et de ne pas ouvrir de perspectives pour de nouvelles utilisations industrielles de biomasse (notamment sous forme de carburant ou de biogaz).<\/p>\n\n\n\n<h4 class=\"wp-block-heading\">R\u00e9glementation\u2009:<\/h4>\n\n\n\n<p>Dans la strat\u00e9gie nationale biomasse et les sch\u00e9mas r\u00e9gionaux biomasse, mettre en place des crit\u00e8res de durabilit\u00e9 stricts permettant de garantir l\u2019int\u00e9r\u00eat en termes d\u2019att\u00e9nuation des changements climatiques et d\u2019int\u00e9gration dans les territoires des fili\u00e8res bois \u00e9nergie\u2009:<br> \u2022 rendement \u00e9nerg\u00e9tique sup\u00e9rieur \u00e0 85\u202f%\u2009;<br> \u2022 rayon d\u2019approvisionnement par camion limit\u00e9 \u00e0 100\u202fkm (ce qui exclut, en particulier, les importations de bois \u00e9nergie)\u2009;<br> \u2022 approvisionnement limit\u00e9 aux seuls bois d\u2019\u00e9claircie, d\u2019\u00e9lagage, co-produits de scierie, bois en fin de vie et dans des cas tr\u00e8s pr\u00e9cis, le bois issus de la coupe de peuplements en impasse sanitaire\u2009;<br> \u2022 d\u00e9monstration que cet approvisionnement n\u2019entre pas en concurrence avec d\u2019autres fili\u00e8res, et notamment respecte le principe de hi\u00e9rarchisation des usages en privil\u00e9giant la valorisation mat\u00e9riau (ex\u2009: production de panneaux de bois)\u2009;<br> \u2022 les souches et branches de moins de 7\u202fcm de diam\u00e8tre sont exclus de ce gisement et restent en for\u00eat pour maintenir la fertilit\u00e9 des sols\u2009;<br>Les projets de valorisation \u00e9nerg\u00e9tique du bois sont limit\u00e9s \u00e0 la production de chaleur et excluent la production d\u2019\u00e9lectricit\u00e9, de biogaz ou d\u2019agrocarburants.<br>L\u2019autorisation d\u2019exploitation des nouveaux projets est soumise au respect de ces crit\u00e8res.<br>L\u2019autorisation de fonctionnement de la centrale biomasse de Gardanne est annul\u00e9e et l\u2019autorisation au projet de reconversion de la centrale \u00e0 charbon de Cordemais en centrale \u00e0 biomasse (Cordemais) n\u2019est pas d\u00e9livr\u00e9e.<br>Dans les sch\u00e9mas r\u00e9gionaux biomasse, le gisement de bois valorisable en \u00e9nergie n\u2019est plus calcul\u00e9 sur la base de l\u2019\u00e9cart entre la production biologique des for\u00eats et ce qui est r\u00e9colt\u00e9 mais sur la base d\u2019un couplage avec ce qui est effectivement pr\u00e9lev\u00e9 en for\u00eat et transform\u00e9 dans le cadre d\u2019une sylviculture visant \u00e0 laisser atteindre leur volume d\u2019\u00e9quilibre aux peuplements (mesure 1). Ce couplage doit faire l\u2019objet d\u2019un suivi r\u00e9gulier et transparent.<\/p>\n\n\n\n<h4 class=\"wp-block-heading\"><strong>Incitations \/ Financement :<\/strong><\/h4>\n\n\n\n<p>Une fiscalit\u00e9 incitative est mise en place pour faire respecter le principe de hi\u00e9rarchisation des usages, notamment augmenter fortement le taux d\u2019utilisation des bois en fin de vie par les industries de la trituration (fabrication de panneaux).<br>Reconditionner l\u2019acc\u00e8s aux subventions du fond chaleur de l\u2019ADEME aux respects de ces crit\u00e8res.<br>Supprimer les tarifs de rachat bonifi\u00e9 d\u2019\u00e9lectricit\u00e9 issue de la biomasse et les aides directes aux installations bois \u00e9nergie industrielles.<\/p>\n","protected":false},"excerpt":{"rendered":"<p>Limiter les utilisations de la biomasse foresti\u00e8re Chiffrer les \u00e9missions r\u00e9elles de CO2 associ\u00e9es \u00e0 la combustion de bois et reconna\u00eetre que cette utilisation n\u2019est pas \u201cneutre\u201d en carbone dans [&hellip;]<\/p>\n","protected":false},"author":1,"featured_media":0,"parent":0,"menu_order":0,"comment_status":"closed","ping_status":"closed","template":"","meta":{"_acf_changed":false,"_gspb_post_css":"","_uag_custom_page_level_css":"","_EventAllDay":false,"_EventTimezone":"","_EventStartDate":"","_EventEndDate":"","_EventStartDateUTC":"","_EventEndDateUTC":"","_EventShowMap":false,"_EventShowMapLink":false,"_EventURL":"","_EventCost":"","_EventCostDescription":"","_EventCurrencySymbol":"","_EventCurrencyCode":"","_EventCurrencyPosition":"","_EventDateTimeSeparator":"","_EventTimeRangeSeparator":"","_EventOrganizerID":[],"_EventVenueID":[],"_OrganizerEmail":"","_OrganizerPhone":"","_OrganizerWebsite":"","_VenueAddress":"","_VenueCity":"","_VenueCountry":"","_VenueProvince":"","_VenueState":"","_VenueZip":"","_VenuePhone":"","_VenueURL":"","_VenueStateProvince":"","_VenueLat":"","_VenueLng":"","_VenueShowMap":false,"_VenueShowMapLink":false,"footnotes":""},"class_list":["post-855","page","type-page","status-publish","hentry"],"acf":[],"mb":[],"uagb_featured_image_src":{"full":false,"thumbnail":false,"medium":false,"medium_large":false,"large":false,"1536x1536":false,"2048x2048":false,"mailpoet_newsletter_max":false},"uagb_author_info":{"display_name":"admin7534","author_link":"https:\/\/sosforetfrance.org\/author\/admin7534\/"},"uagb_comment_info":0,"uagb_excerpt":"Limiter les utilisations de la biomasse foresti\u00e8re Chiffrer les \u00e9missions r\u00e9elles de CO2 associ\u00e9es \u00e0 la combustion de bois et reconna\u00eetre que cette utilisation n\u2019est pas \u201cneutre\u201d en carbone dans [&hellip;]","mfb_rest_fields":["title","uagb_featured_image_src","uagb_author_info","uagb_comment_info","uagb_excerpt"],"_links":{"self":[{"href":"https:\/\/sosforetfrance.org\/index.php\/wp-json\/wp\/v2\/pages\/855","targetHints":{"allow":["GET"]}}],"collection":[{"href":"https:\/\/sosforetfrance.org\/index.php\/wp-json\/wp\/v2\/pages"}],"about":[{"href":"https:\/\/sosforetfrance.org\/index.php\/wp-json\/wp\/v2\/types\/page"}],"author":[{"embeddable":true,"href":"https:\/\/sosforetfrance.org\/index.php\/wp-json\/wp\/v2\/users\/1"}],"replies":[{"embeddable":true,"href":"https:\/\/sosforetfrance.org\/index.php\/wp-json\/wp\/v2\/comments?post=855"}],"version-history":[{"count":0,"href":"https:\/\/sosforetfrance.org\/index.php\/wp-json\/wp\/v2\/pages\/855\/revisions"}],"wp:attachment":[{"href":"https:\/\/sosforetfrance.org\/index.php\/wp-json\/wp\/v2\/media?parent=855"}],"curies":[{"name":"wp","href":"https:\/\/api.w.org\/{rel}","templated":true}]}}