{"id":871,"date":"2020-02-11T12:10:03","date_gmt":"2020-02-11T11:10:03","guid":{"rendered":"https:\/\/sosforetfrance.org\/?page_id=871"},"modified":"2020-02-11T19:02:02","modified_gmt":"2020-02-11T18:02:02","slug":"mesure-8","status":"publish","type":"page","link":"https:\/\/sosforetfrance.org\/index.php\/mesure-8\/","title":{"rendered":"M8 engins forestiers"},"content":{"rendered":"\n<h2 class=\"wp-block-heading\">Limiter les d\u00e9g\u00e2ts <br>des engins forestiers<\/h2>\n\n\n\n<p><strong>R\u00e9glementer les conditions d\u2019exploitation foresti\u00e8re et le mat\u00e9riel utilisable, afin de minimiser les impacts au sol et \u00e0 la ressource en eau. Les caract\u00e9ristiques de l\u2019\u00e9cosyst\u00e8me doivent guider l\u2019\u00e9quipement mat\u00e9riel et les m\u00e9thodes de travail dans la fili\u00e8re.<\/strong><\/p>\n\n\n\n<h4 class=\"wp-block-heading\">Contexte \/ D\u00e9finitions\u2009:<\/h4>\n\n\n\n<p>La fertilit\u00e9 des sols est un enjeu majeur pour la durabilit\u00e9 de la production de bois. Le tassement d\u00e9grade cette fertilit\u00e9, tout en fragilisant les arbres par asphyxie racinaire. Les engins intervenant en for\u00eat sont de plus en plus lourds. Pourtant, les guides Prosol (FCBA- ONF 2009) et Pratic\u2019Sol (ONF-EDT 2017) donnent des prescriptions claires pour le respect des sols lors des exploitations. Aujourd\u2019hui aucun cadre l\u00e9gal ne limite cette \u00e9volution pr\u00e9occupante.<\/p>\n\n\n\n<h4 class=\"wp-block-heading\">R\u00e9glementation\u2009:<\/h4>\n\n\n\n<p>Hors pistes terrass\u00e9es, interdire les engins forestiers dont le poids total autoris\u00e9 en charge exc\u00e8de 20 tonnes, ou 10 tonnes par essieu, ou 1\u202fkg au cm\u00b2, ou dont la largeur exc\u00e8de 3,5\u202fm. Encadrer les itin\u00e9raires et les conditions m\u00e9t\u00e9orologiques du d\u00e9bardage, avec des crit\u00e8res diff\u00e9renci\u00e9s selon le type de sol, de contexte naturel et d\u2019engin\/technique (cf. rapport Pratic\u2019Sol 2017).<br>Imposer le recours \u00e0 la traction animale ou au c\u00e2ble-m\u00e2t l\u00e9ger dans les contextes les plus sensibles, et imposer les techniques n\u00e9cessaires pour que les engins ne quittent pas les cloisonnements \u00e9tablis sur sol portant (c\u00e2blage, traction animale).<br> Introduire des sanctions au p\u00e9nal en cas d\u2019atteinte significative et durable au sol forestier et\/ou \u00e0 la ressource en eau, en s\u2019inspirant de l\u2019exemple de la Suisse.<br>Encourager la pluriactivit\u00e9 dans cet objectif. \u00c0 une \u00e9ch\u00e9ance permettant aux entreprises de s\u2019adapter (2030), r\u00e9glementer sur la saisonnalit\u00e9 de l\u2019exploitation foresti\u00e8re.<\/p>\n\n\n\n<p><br> Incitations \/ Financement\u2009:<\/p>\n\n\n\n<p><br> \u00c9tablir des subventions r\u00e9gionales orient\u00e9es vers les engins les moins impactants. Arr\u00eater les aides \u00e0 l\u2019investissement dans les machines exc\u00e9dant le tonnage maximum en for\u00eat donn\u00e9 ci-dessus. Dans les Orientations r\u00e9gionales foresti\u00e8res, recommander la traction animale comme technique prioritaire dans un maximum de contextes. Instaurer une aide financi\u00e8re au m3 d\u00e9bard\u00e9 par cheval ou c\u00e2ble-m\u00e2t l\u00e9ger.<br> Modifier la fiscalit\u00e9 sur les stocks de bois des acheteurs, pour inciter \u00e0 revenir \u00e0 une exploitation saisonni\u00e8re.<\/p>\n","protected":false},"excerpt":{"rendered":"<p>Limiter les d\u00e9g\u00e2ts des engins forestiers R\u00e9glementer les conditions d\u2019exploitation foresti\u00e8re et le mat\u00e9riel utilisable, afin de minimiser les impacts au sol et \u00e0 la ressource en eau. Les caract\u00e9ristiques [&hellip;]<\/p>\n","protected":false},"author":1,"featured_media":0,"parent":0,"menu_order":0,"comment_status":"closed","ping_status":"closed","template":"","meta":{"_acf_changed":false,"_gspb_post_css":"","_uag_custom_page_level_css":"","_EventAllDay":false,"_EventTimezone":"","_EventStartDate":"","_EventEndDate":"","_EventStartDateUTC":"","_EventEndDateUTC":"","_EventShowMap":false,"_EventShowMapLink":false,"_EventURL":"","_EventCost":"","_EventCostDescription":"","_EventCurrencySymbol":"","_EventCurrencyCode":"","_EventCurrencyPosition":"","_EventDateTimeSeparator":"","_EventTimeRangeSeparator":"","_EventOrganizerID":[],"_EventVenueID":[],"_OrganizerEmail":"","_OrganizerPhone":"","_OrganizerWebsite":"","_VenueAddress":"","_VenueCity":"","_VenueCountry":"","_VenueProvince":"","_VenueState":"","_VenueZip":"","_VenuePhone":"","_VenueURL":"","_VenueStateProvince":"","_VenueLat":"","_VenueLng":"","_VenueShowMap":false,"_VenueShowMapLink":false,"footnotes":""},"class_list":["post-871","page","type-page","status-publish","hentry"],"acf":[],"mb":[],"uagb_featured_image_src":{"full":false,"thumbnail":false,"medium":false,"medium_large":false,"large":false,"1536x1536":false,"2048x2048":false,"mailpoet_newsletter_max":false},"uagb_author_info":{"display_name":"admin7534","author_link":"https:\/\/sosforetfrance.org\/author\/admin7534\/"},"uagb_comment_info":0,"uagb_excerpt":"Limiter les d\u00e9g\u00e2ts des engins forestiers R\u00e9glementer les conditions d\u2019exploitation foresti\u00e8re et le mat\u00e9riel utilisable, afin de minimiser les impacts au sol et \u00e0 la ressource en eau. Les caract\u00e9ristiques [&hellip;]","mfb_rest_fields":["title","uagb_featured_image_src","uagb_author_info","uagb_comment_info","uagb_excerpt"],"_links":{"self":[{"href":"https:\/\/sosforetfrance.org\/index.php\/wp-json\/wp\/v2\/pages\/871","targetHints":{"allow":["GET"]}}],"collection":[{"href":"https:\/\/sosforetfrance.org\/index.php\/wp-json\/wp\/v2\/pages"}],"about":[{"href":"https:\/\/sosforetfrance.org\/index.php\/wp-json\/wp\/v2\/types\/page"}],"author":[{"embeddable":true,"href":"https:\/\/sosforetfrance.org\/index.php\/wp-json\/wp\/v2\/users\/1"}],"replies":[{"embeddable":true,"href":"https:\/\/sosforetfrance.org\/index.php\/wp-json\/wp\/v2\/comments?post=871"}],"version-history":[{"count":0,"href":"https:\/\/sosforetfrance.org\/index.php\/wp-json\/wp\/v2\/pages\/871\/revisions"}],"wp:attachment":[{"href":"https:\/\/sosforetfrance.org\/index.php\/wp-json\/wp\/v2\/media?parent=871"}],"curies":[{"name":"wp","href":"https:\/\/api.w.org\/{rel}","templated":true}]}}