{"id":889,"date":"2020-02-11T12:33:42","date_gmt":"2020-02-11T11:33:42","guid":{"rendered":"https:\/\/sosforetfrance.org\/?page_id=889"},"modified":"2020-02-11T18:58:24","modified_gmt":"2020-02-11T17:58:24","slug":"mesure-17","status":"publish","type":"page","link":"https:\/\/sosforetfrance.org\/index.php\/mesure-17\/","title":{"rendered":"M17 CNPF-DDT"},"content":{"rendered":"\n<h2 class=\"wp-block-heading\">Renforcer le r\u00f4le et les missions <br>du CNPF et de la DDT<\/h2>\n\n\n\n<p><strong>Augmenter les moyens humains et financiers du Centre National de la Propri\u00e9t\u00e9 Foresti\u00e8re et des cellules for\u00eat de la direction d\u00e9partementale des territoires (DDT), afin d\u2019imposer la r\u00e9alisation des plans simples de gestion (PSG) quand ils sont obligatoires, et de pouvoir suivre leur instruction et leur application conform\u00e9ment aux politiques nationales et aux SRGS tels que d\u00e9finis \u00e0 la Mesure 1.<br> Il s\u2019agit \u00e9galement d\u2019assurer que les DDT puissent instruire les autorisations de coupes quand il n\u2019existe pas de document de gestion.<br> Mettre le statut des personnels du CNPF et de la DDT en coh\u00e9rence avec ces r\u00f4les r\u00e9glementaires et avec leur n\u00e9cessaire ind\u00e9pendance vis-\u00e0-vis des int\u00e9r\u00eats priv\u00e9s.<\/strong><\/p>\n\n\n\n<h4 class=\"wp-block-heading\">Contexte \/ D\u00e9finitions\u2009:<\/h4>\n\n\n\n<p>Le CNPF a lui aussi subi le d\u00e9sengagement de l\u2019\u00c9tat, et ses effectifs sont devenus tr\u00e8s faibles par rapport \u00e0 la multitude de propri\u00e9taires forestiers \u00e0 conseiller, \u00e0 l\u2019augmentation souhait\u00e9e du nombre et de la surface de for\u00eats pr\u00e9sentant des garanties de gestion durable et \u00e0 la complexit\u00e9 de l\u2019instruction des PSG.<br>Le statut des personnels y est particuli\u00e8rement pr\u00e9caire et incite aux partenariats avec le priv\u00e9, mena\u00e7ant ainsi l\u2019impartialit\u00e9 des services.<\/p>\n\n\n\n<h4 class=\"wp-block-heading\">R\u00e9glementation\u2009:<\/h4>\n\n\n\n<p>Int\u00e9grer les personnels du CNPF aux diff\u00e9rents corps de la fonction publique d\u2019\u00c9tat, et renforcer les r\u00e8gles d\u00e9ontologiques afin d\u2019\u00e9carter les risques de conflits d\u2019int\u00e9r\u00eat. Instaurer dans le code forestier des r\u00e8gles d\u00e9ontologiques pour les personnels du CNPF. Pour la gouvernance du CNPF, la repr\u00e9sentation au sein du conseil d\u2019administration du CNPF est \u00e0 r\u00e9-\u00e9quilibrer pour assurer une meilleure repr\u00e9sentativit\u00e9 de la diversit\u00e9 des propri\u00e9taires forestiers priv\u00e9s, notamment les petits propri\u00e9taires.<br>Rendre obligatoire la visite de terrain de la for\u00eat dans sa totalit\u00e9 par le CRPF \u00e0 l\u2019instruction d\u2019un plan simple de gestion.<br>D\u00e9finir pr\u00e9cis\u00e9ment le cadre national et r\u00e9gional permettant de valider les demandes de coupe urgente (d\u00e9p\u00e9rissement) et extraordinaire (justification \u00e0 produire).<br>Combin\u00e9es avec les mesures de la proposition 14 (caract\u00e8re prescriptif des SRGS et contenu obligatoire des PSG), ces mesures permettent d\u2019am\u00e9liorer et de cr\u00e9dibiliser les garanties de gestion durable en for\u00eat priv\u00e9e.<br><\/p>\n\n\n\n<h4 class=\"wp-block-heading\">Incitations \/ Financement\u2009:<\/h4>\n\n\n\n<p>Augmenter le financement de l\u2019\u00c9tat pour recruter un effectif compatible avec un contr\u00f4le r\u00e9el du contenu des plans de gestion, et une animation efficiente et multifonctionnelle de la gestion des for\u00eats priv\u00e9es.<\/p>\n","protected":false},"excerpt":{"rendered":"<p>Renforcer le r\u00f4le et les missions du CNPF et de la DDT Augmenter les moyens humains et financiers du Centre National de la Propri\u00e9t\u00e9 Foresti\u00e8re et des cellules for\u00eat de [&hellip;]<\/p>\n","protected":false},"author":1,"featured_media":0,"parent":0,"menu_order":0,"comment_status":"closed","ping_status":"closed","template":"","meta":{"_acf_changed":false,"_gspb_post_css":"","_uag_custom_page_level_css":"","_EventAllDay":false,"_EventTimezone":"","_EventStartDate":"","_EventEndDate":"","_EventStartDateUTC":"","_EventEndDateUTC":"","_EventShowMap":false,"_EventShowMapLink":false,"_EventURL":"","_EventCost":"","_EventCostDescription":"","_EventCurrencySymbol":"","_EventCurrencyCode":"","_EventCurrencyPosition":"","_EventDateTimeSeparator":"","_EventTimeRangeSeparator":"","_EventOrganizerID":[],"_EventVenueID":[],"_OrganizerEmail":"","_OrganizerPhone":"","_OrganizerWebsite":"","_VenueAddress":"","_VenueCity":"","_VenueCountry":"","_VenueProvince":"","_VenueState":"","_VenueZip":"","_VenuePhone":"","_VenueURL":"","_VenueStateProvince":"","_VenueLat":"","_VenueLng":"","_VenueShowMap":false,"_VenueShowMapLink":false,"footnotes":""},"class_list":["post-889","page","type-page","status-publish","hentry"],"mb":[],"acf":[],"uagb_featured_image_src":{"full":false,"thumbnail":false,"medium":false,"medium_large":false,"large":false,"1536x1536":false,"2048x2048":false,"mailpoet_newsletter_max":false},"uagb_author_info":{"display_name":"admin7534","author_link":"https:\/\/sosforetfrance.org\/author\/admin7534\/"},"uagb_comment_info":0,"uagb_excerpt":"Renforcer le r\u00f4le et les missions du CNPF et de la DDT Augmenter les moyens humains et financiers du Centre National de la Propri\u00e9t\u00e9 Foresti\u00e8re et des cellules for\u00eat de [&hellip;]","mfb_rest_fields":["title","uagb_featured_image_src","uagb_author_info","uagb_comment_info","uagb_excerpt"],"_links":{"self":[{"href":"https:\/\/sosforetfrance.org\/index.php\/wp-json\/wp\/v2\/pages\/889","targetHints":{"allow":["GET"]}}],"collection":[{"href":"https:\/\/sosforetfrance.org\/index.php\/wp-json\/wp\/v2\/pages"}],"about":[{"href":"https:\/\/sosforetfrance.org\/index.php\/wp-json\/wp\/v2\/types\/page"}],"author":[{"embeddable":true,"href":"https:\/\/sosforetfrance.org\/index.php\/wp-json\/wp\/v2\/users\/1"}],"replies":[{"embeddable":true,"href":"https:\/\/sosforetfrance.org\/index.php\/wp-json\/wp\/v2\/comments?post=889"}],"version-history":[{"count":0,"href":"https:\/\/sosforetfrance.org\/index.php\/wp-json\/wp\/v2\/pages\/889\/revisions"}],"wp:attachment":[{"href":"https:\/\/sosforetfrance.org\/index.php\/wp-json\/wp\/v2\/media?parent=889"}],"curies":[{"name":"wp","href":"https:\/\/api.w.org\/{rel}","templated":true}]}}