{"id":922,"date":"2020-02-11T14:57:48","date_gmt":"2020-02-11T13:57:48","guid":{"rendered":"https:\/\/sosforetfrance.org\/?page_id=922"},"modified":"2020-02-11T19:10:10","modified_gmt":"2020-02-11T18:10:10","slug":"assises-lessentiel-des-actes","status":"publish","type":"page","link":"https:\/\/sosforetfrance.org\/index.php\/assises-lessentiel-des-actes\/","title":{"rendered":"Assises : les actes"},"content":{"rendered":"\n<h2 class=\"wp-block-heading\">Table-ronde\u2009:<br>Des for\u00eats pour refroidir le climat<\/h2>\n\n\n\n<p>La table-ronde est anim\u00e9e par <br><em>Rapha\u00ebl Kieffert, SNUPFEN-Solidaires <br>(Syndicat national unifi\u00e9 des personnels des for\u00eats et de l\u2019espace naturel)<\/em><\/p>\n\n\n\n<p><strong>For\u00eats et changements climatiques\u2009: les enjeux du d\u00e9bat<\/strong><br><em>Kelsey Perlman, association europ\u00e9enne Fern<\/em><br><em><a href=\"https:\/\/sosforetfrance.org\/index.php\/climat-forets-et-changements-climatiques\/\">Lire l&rsquo;article<\/a><\/em><\/p>\n\n\n\n<p><strong>Laisser vieillir les for\u00eats, notre meilleure option pour stabiliser le climat\u2009?<\/strong><br>Pr\u00e9sentation d\u2019un nouveau rapport sur la for\u00eat fran\u00e7aise et le climat<br><em>Ga\u00ebtan du Bus, ing\u00e9nieur forestier ind\u00e9pendant<\/em><br><em>Lire l&rsquo;article<\/em><\/p>\n\n\n\n<p><strong>Face aux incertitudes grandissantes, concilier \u00e9cologie et \u00e9conomie<\/strong><br><em>Max Bruciamacchie, enseignant-chercheur \u00e0 AgroParisTech<\/em><br><em><a href=\"https:\/\/sosforetfrance.org\/index.php\/climat-ecologie-et-economie\/\">Lire l&rsquo;article<\/a><\/em><\/p>\n","protected":false},"excerpt":{"rendered":"<p>Table-ronde\u2009:Des for\u00eats pour refroidir le climat La table-ronde est anim\u00e9e par Rapha\u00ebl Kieffert, SNUPFEN-Solidaires (Syndicat national unifi\u00e9 des personnels des for\u00eats et de l\u2019espace naturel) For\u00eats et changements climatiques\u2009: les [&hellip;]<\/p>\n","protected":false},"author":1,"featured_media":0,"parent":0,"menu_order":0,"comment_status":"closed","ping_status":"closed","template":"","meta":{"_acf_changed":false,"_gspb_post_css":"","_uag_custom_page_level_css":"","_EventAllDay":false,"_EventTimezone":"","_EventStartDate":"","_EventEndDate":"","_EventStartDateUTC":"","_EventEndDateUTC":"","_EventShowMap":false,"_EventShowMapLink":false,"_EventURL":"","_EventCost":"","_EventCostDescription":"","_EventCurrencySymbol":"","_EventCurrencyCode":"","_EventCurrencyPosition":"","_EventDateTimeSeparator":"","_EventTimeRangeSeparator":"","_EventOrganizerID":[],"_EventVenueID":[],"_OrganizerEmail":"","_OrganizerPhone":"","_OrganizerWebsite":"","_VenueAddress":"","_VenueCity":"","_VenueCountry":"","_VenueProvince":"","_VenueState":"","_VenueZip":"","_VenuePhone":"","_VenueURL":"","_VenueStateProvince":"","_VenueLat":"","_VenueLng":"","_VenueShowMap":false,"_VenueShowMapLink":false,"footnotes":""},"class_list":["post-922","page","type-page","status-publish","hentry"],"mb":[],"acf":[],"uagb_featured_image_src":{"full":false,"thumbnail":false,"medium":false,"medium_large":false,"large":false,"1536x1536":false,"2048x2048":false,"mailpoet_newsletter_max":false},"uagb_author_info":{"display_name":"admin7534","author_link":"https:\/\/sosforetfrance.org\/author\/admin7534\/"},"uagb_comment_info":0,"uagb_excerpt":"Table-ronde\u2009:Des for\u00eats pour refroidir le climat La table-ronde est anim\u00e9e par Rapha\u00ebl Kieffert, SNUPFEN-Solidaires (Syndicat national unifi\u00e9 des personnels des for\u00eats et de l\u2019espace naturel) For\u00eats et changements climatiques\u2009: les [&hellip;]","mfb_rest_fields":["title","uagb_featured_image_src","uagb_author_info","uagb_comment_info","uagb_excerpt"],"_links":{"self":[{"href":"https:\/\/sosforetfrance.org\/index.php\/wp-json\/wp\/v2\/pages\/922","targetHints":{"allow":["GET"]}}],"collection":[{"href":"https:\/\/sosforetfrance.org\/index.php\/wp-json\/wp\/v2\/pages"}],"about":[{"href":"https:\/\/sosforetfrance.org\/index.php\/wp-json\/wp\/v2\/types\/page"}],"author":[{"embeddable":true,"href":"https:\/\/sosforetfrance.org\/index.php\/wp-json\/wp\/v2\/users\/1"}],"replies":[{"embeddable":true,"href":"https:\/\/sosforetfrance.org\/index.php\/wp-json\/wp\/v2\/comments?post=922"}],"version-history":[{"count":0,"href":"https:\/\/sosforetfrance.org\/index.php\/wp-json\/wp\/v2\/pages\/922\/revisions"}],"wp:attachment":[{"href":"https:\/\/sosforetfrance.org\/index.php\/wp-json\/wp\/v2\/media?parent=922"}],"curies":[{"name":"wp","href":"https:\/\/api.w.org\/{rel}","templated":true}]}}

<h2 class="wp-block-heading">Table-ronde :<br>Des forêts pour refroidir le climat</h2>



<p>La table-ronde est animée par <br><em>Raphaël Kieffert, SNUPFEN-Solidaires <br>(Syndicat national unifié des personnels des forêts et de l’espace naturel)</em></p>



<p><strong>Forêts et changements climatiques : les enjeux du débat</strong><br><em>Kelsey Perlman, association européenne Fern</em><br><em><a href="https://sosforetfrance.org/index.php/climat-forets-et-changements-climatiques/">Lire l&rsquo;article</a></em></p>



<p><strong>Laisser vieillir les forêts, notre meilleure option pour stabiliser le climat ?</strong><br>Présentation d’un nouveau rapport sur la forêt française et le climat<br><em>Gaëtan du Bus, ingénieur forestier indépendant</em><br><em>Lire l&rsquo;article</em></p>



<p><strong>Face aux incertitudes grandissantes, concilier écologie et économie</strong><br><em>Max Bruciamacchie, enseignant-chercheur à AgroParisTech</em><br><em><a href="https://sosforetfrance.org/index.php/climat-ecologie-et-economie/">Lire l&rsquo;article</a></em></p>

<p>Table-ronde :Des forêts pour refroidir le climat La table-ronde est animée par Raphaël Kieffert, SNUPFEN-Solidaires (Syndicat national unifié des personnels des forêts et de l’espace naturel) Forêts et changements climatiques : les [&hellip;]</p>

Table-ronde :Des forêts pour refroidir le climat La table-ronde est animée par Raphaël Kieffert, SNUPFEN-Solidaires (Syndicat national unifié des personnels des forêts et de l’espace naturel) Forêts et changements climatiques : les [&hellip;]
