{"id":924,"date":"2020-02-11T15:03:29","date_gmt":"2020-02-11T14:03:29","guid":{"rendered":"https:\/\/sosforetfrance.org\/?page_id=924"},"modified":"2020-02-11T19:53:22","modified_gmt":"2020-02-11T18:53:22","slug":"des-forets-pour-refroidir-le-climat","status":"publish","type":"page","link":"https:\/\/sosforetfrance.org\/index.php\/des-forets-pour-refroidir-le-climat\/","title":{"rendered":"Table ronde 1"},"content":{"rendered":"\n<h2 class=\"wp-block-heading\">Des for\u00eats pour refroidir le climat<\/h2>\n\n\n\n<p><strong>La table-ronde est anim\u00e9e par <\/strong><br><em>Rapha\u00ebl Kieffert<\/em> <em>SNUPFEN-Solidaires <\/em><br><em>(Syndicat national unifi\u00e9 des personnels des for\u00eats et de l\u2019espace naturel)<\/em><\/p>\n\n\n\n<p><strong><a href=\"https:\/\/sosforetfrance.org\/index.php\/climat-forets-et-changements-climatiques\/\">For\u00eats et changements climatiques\u2009: les enjeux du d\u00e9bat<\/a><\/strong><br><em>Kelsey Perlman, association europ\u00e9enne Fern<\/em><\/p>\n\n\n\n<p><strong><a href=\"https:\/\/sosforetfrance.org\/index.php\/climat-laisser-vieillir-les-forets\/\">Laisser vieillir les for\u00eats, notre meilleure option pour stabiliser le climat\u2009?<\/a><\/strong><br>Pr\u00e9sentation d\u2019un nouveau rapport sur la for\u00eat fran\u00e7aise et le climat<br><em>Ga\u00ebtan du Bus, ing\u00e9nieur forestier ind\u00e9pendant<\/em><\/p>\n\n\n\n<p><strong><a href=\"https:\/\/sosforetfrance.org\/index.php\/climat-ecologie-et-economie\/\">Face aux incertitudes grandissantes, concilier \u00e9cologie et \u00e9conomie<\/a><\/strong><br><em>Max Bruciamacchie, enseignant-chercheur \u00e0 AgroParisTech<\/em><\/p>\n","protected":false},"excerpt":{"rendered":"<p>Des for\u00eats pour refroidir le climat La table-ronde est anim\u00e9e par Rapha\u00ebl Kieffert SNUPFEN-Solidaires (Syndicat national unifi\u00e9 des personnels des for\u00eats et de l\u2019espace naturel) For\u00eats et changements climatiques\u2009: les [&hellip;]<\/p>\n","protected":false},"author":1,"featured_media":0,"parent":0,"menu_order":0,"comment_status":"closed","ping_status":"closed","template":"","meta":{"_acf_changed":false,"_gspb_post_css":"","_uag_custom_page_level_css":"","_EventAllDay":false,"_EventTimezone":"","_EventStartDate":"","_EventEndDate":"","_EventStartDateUTC":"","_EventEndDateUTC":"","_EventShowMap":false,"_EventShowMapLink":false,"_EventURL":"","_EventCost":"","_EventCostDescription":"","_EventCurrencySymbol":"","_EventCurrencyCode":"","_EventCurrencyPosition":"","_EventDateTimeSeparator":"","_EventTimeRangeSeparator":"","_EventOrganizerID":[],"_EventVenueID":[],"_OrganizerEmail":"","_OrganizerPhone":"","_OrganizerWebsite":"","_VenueAddress":"","_VenueCity":"","_VenueCountry":"","_VenueProvince":"","_VenueState":"","_VenueZip":"","_VenuePhone":"","_VenueURL":"","_VenueStateProvince":"","_VenueLat":"","_VenueLng":"","_VenueShowMap":false,"_VenueShowMapLink":false,"footnotes":""},"class_list":["post-924","page","type-page","status-publish","hentry"],"mb":[],"acf":[],"uagb_featured_image_src":{"full":false,"thumbnail":false,"medium":false,"medium_large":false,"large":false,"1536x1536":false,"2048x2048":false,"mailpoet_newsletter_max":false},"uagb_author_info":{"display_name":"admin7534","author_link":"https:\/\/sosforetfrance.org\/author\/admin7534\/"},"uagb_comment_info":0,"uagb_excerpt":"Des for\u00eats pour refroidir le climat La table-ronde est anim\u00e9e par Rapha\u00ebl Kieffert SNUPFEN-Solidaires (Syndicat national unifi\u00e9 des personnels des for\u00eats et de l\u2019espace naturel) For\u00eats et changements climatiques\u2009: les [&hellip;]","mfb_rest_fields":["title","uagb_featured_image_src","uagb_author_info","uagb_comment_info","uagb_excerpt"],"_links":{"self":[{"href":"https:\/\/sosforetfrance.org\/index.php\/wp-json\/wp\/v2\/pages\/924","targetHints":{"allow":["GET"]}}],"collection":[{"href":"https:\/\/sosforetfrance.org\/index.php\/wp-json\/wp\/v2\/pages"}],"about":[{"href":"https:\/\/sosforetfrance.org\/index.php\/wp-json\/wp\/v2\/types\/page"}],"author":[{"embeddable":true,"href":"https:\/\/sosforetfrance.org\/index.php\/wp-json\/wp\/v2\/users\/1"}],"replies":[{"embeddable":true,"href":"https:\/\/sosforetfrance.org\/index.php\/wp-json\/wp\/v2\/comments?post=924"}],"version-history":[{"count":0,"href":"https:\/\/sosforetfrance.org\/index.php\/wp-json\/wp\/v2\/pages\/924\/revisions"}],"wp:attachment":[{"href":"https:\/\/sosforetfrance.org\/index.php\/wp-json\/wp\/v2\/media?parent=924"}],"curies":[{"name":"wp","href":"https:\/\/api.w.org\/{rel}","templated":true}]}}

<h2 class="wp-block-heading">Des forêts pour refroidir le climat</h2>



<p><strong>La table-ronde est animée par </strong><br><em>Raphaël Kieffert</em> <em>SNUPFEN-Solidaires </em><br><em>(Syndicat national unifié des personnels des forêts et de l’espace naturel)</em></p>



<p><strong><a href="https://sosforetfrance.org/index.php/climat-forets-et-changements-climatiques/">Forêts et changements climatiques : les enjeux du débat</a></strong><br><em>Kelsey Perlman, association européenne Fern</em></p>



<p><strong><a href="https://sosforetfrance.org/index.php/climat-laisser-vieillir-les-forets/">Laisser vieillir les forêts, notre meilleure option pour stabiliser le climat ?</a></strong><br>Présentation d’un nouveau rapport sur la forêt française et le climat<br><em>Gaëtan du Bus, ingénieur forestier indépendant</em></p>



<p><strong><a href="https://sosforetfrance.org/index.php/climat-ecologie-et-economie/">Face aux incertitudes grandissantes, concilier écologie et économie</a></strong><br><em>Max Bruciamacchie, enseignant-chercheur à AgroParisTech</em></p>

<p>Des forêts pour refroidir le climat La table-ronde est animée par Raphaël Kieffert SNUPFEN-Solidaires (Syndicat national unifié des personnels des forêts et de l’espace naturel) Forêts et changements climatiques : les [&hellip;]</p>

Des forêts pour refroidir le climat La table-ronde est animée par Raphaël Kieffert SNUPFEN-Solidaires (Syndicat national unifié des personnels des forêts et de l’espace naturel) Forêts et changements climatiques : les [&hellip;]
