{"id":926,"date":"2020-02-11T15:04:46","date_gmt":"2020-02-11T14:04:46","guid":{"rendered":"https:\/\/sosforetfrance.org\/?page_id=926"},"modified":"2020-02-11T15:13:00","modified_gmt":"2020-02-11T14:13:00","slug":"climat-forets-et-changements-climatiques","status":"publish","type":"page","link":"https:\/\/sosforetfrance.org\/index.php\/climat-forets-et-changements-climatiques\/","title":{"rendered":"Climat et for\u00eats"},"content":{"rendered":"\n<h2 class=\"wp-block-heading\">For\u00eats et changements climatiques\u2009: <br>les enjeux du d\u00e9bat<\/h2>\n\n\n\n<h4 class=\"wp-block-heading\"><em>Kelsey Perlman, association europ\u00e9enne Fern<\/em><\/h4>\n\n\n\n<p>Fern est une association europ\u00e9enne situ\u00e9e \u00e0 Bruxelles qui \u0153uvre pour une plus grande justice sociale et environnementale, en se concentrant sur les for\u00eats et les droits des peuples forestiers dans les politiques et pratiques de l\u2019Union europ\u00e9enne. Au sein de Fern, je travaille sur le changement climatique et ses effets sur les for\u00eats dans le monde entier.<\/p>\n\n\n\n<p>Il nous reste huit ans et deux mois pour limiter le r\u00e9chauffement global \u00e0 1,5\u202f\u00b0C. C\u2019est dans ce contexte que prend place le cadre r\u00e9glementaire europ\u00e9en transcrit dans tous les \u00c9tats membres. Le premier texte est la r\u00e9glementation LULUCF (Land Use, Land Use Change and Forestry), qui s\u2019int\u00e9resse \u00e0 l\u2019utilisation des terres, \u00e0 leur affectation et \u00e0 la foresterie. Ce texte se borne \u00e0 exiger que les terres ne deviennent pas \u00e9mettrices de CO2. Deux autres politiques poussent en parall\u00e8le \u00e0 l\u2019augmentation de l\u2019utilisation de la biomasse. La directive sur les \u00e9nergies renouvelables a pour objectif d\u2019augmenter son utilisation jusqu\u2019\u00e0 une part de 20\u202f% du mix \u00e9nerg\u00e9tique en 2030. Le march\u00e9 europ\u00e9en du CO2 accorde quant \u00e0 lui des permis \u00e0 polluer aux grandes entreprises qui br\u00fblent de la biomasse.<\/p>\n\n\n\n<p><br> Dans chaque \u00c9tat membre, le plan national int\u00e9gr\u00e9 \u00c9nergie-Climat fait la synth\u00e8se entre ces trois politiques et les dispositions nationales d\u2019utilisation de la biomasse. En pratique, la plupart des \u00e9nergies renouvelables proviennent en Europe de la biomasse et non pas du solaire ou de l\u2019\u00e9olien. La part majoritaire de cette biomasse provient des for\u00eats et la soci\u00e9t\u00e9 civile n\u2019en est pas consciente. Depuis 2005, la consommation de biomasse a doubl\u00e9 en Europe et certaines projections officielles pr\u00e9voient \u00e0 nouveau un doublement d\u2019ici \u00e0 2050.<\/p>\n\n\n\n<p>Cette priorisation de l\u2019usage de la biomasse, et dans les faits de la biomasse foresti\u00e8re provient du fait qu\u2019il est classifi\u00e9 comme neutre en carbone. Cela suppose que la combustion de bois serait enti\u00e8rement compens\u00e9e par la croissance des arbres restants et le reboisement, ce qui n\u00e9glige les \u00e9missions de CO2 li\u00e9es \u00e0 l\u2019abattage et au transport des arbres. R\u00e9cemment, un groupe de scientifiques a donc soulign\u00e9 \u00e0 travers la publication d\u2019<a href=\"https:\/\/easac.eu\/fileadmin\/PDF_s\/reports_statements\/Carbon_Neutrality\/EASAC_commentary_on_Carbon_Neutrality_15_June_2018.pdf\" target=\"_blank\" rel=\"noopener\">un rapport<\/a> que l\u2019utilisation de la biomasse foresti\u00e8re n\u2019est pas du tout neutre en carbone, ceci d\u2019autant plus que l\u2019adoption d\u2019une gestion durable des for\u00eats apr\u00e8s des coupes \u00e0 blanc n\u2019est absolument pas prouv\u00e9e. Par ailleurs, on constate une forte augmentation des \u00e9missions de CO2 li\u00e9es \u00e0 l\u2019utilisation de la biomasse en Europe, et il est pr\u00e9vu que cette augmentation se poursuive jusqu\u2019en 2030, alors qu\u2019il est pr\u00e9vu dans le m\u00eame temps que l\u2019importance des puits de carbone baisse dans les cinq principaux pays forestiers du continent, y compris en France. Les objectifs recherch\u00e9s ne peuvent donc pas \u00eatre atteints.<\/p>\n\n\n\n<p>D\u2019apr\u00e8s le plan Climat \u00c9nergie de la France, l\u2019utilisation de la biomasse foresti\u00e8re, de celle issue des cultures p\u00e9rennes et de la biomasse issue des r\u00e9sidus et de l\u2019agroforesterie augmenterait jusqu\u2019en 2030, ce qui refl\u00e8te au niveau national la strat\u00e9gie europ\u00e9enne de miser sur la biomasse et moins sur le d\u00e9veloppement de l\u2019\u00e9olien ou du solaire. C\u2019est dans ce contexte que le GIEC (Groupe d\u2019experts intergouvernemental sur l\u2019\u00e9volution du climat) \u00e9voque des strat\u00e9gies de d\u00e9carbonisation qui consid\u00e8rent l\u2019utilisation accrue de biomasse comme le seul moyen d\u2019atteindre l\u2019objectif d\u2019un r\u00e9chauffement contenu \u00e0 1,5\u202f\u00b0C, sans \u00e9voquer le stockage de carbone dans l\u2019\u00e9cosyst\u00e8me. Certains de ses sc\u00e9narios qui ne misent pas sur une diminution de la consommation des hydrocarbures, pr\u00e9voient en compensation une utilisation massive de la biomasse, ce qui repr\u00e9sente une situation tr\u00e8s dangereuse pour la biodiversit\u00e9, la s\u00e9curit\u00e9 alimentaire et l\u2019approvisionnement en eau.<\/p>\n\n\n\n<p><br>Les projections qui pr\u00e9voient un recours massif \u00e0 la compensation sont donc tr\u00e8s risqu\u00e9es, et c\u2019est pourquoi les sc\u00e9narios qui pr\u00e9voient une baisse de la consommation des hydrocarbures restent prioritaires.<\/p>\n\n\n\n<p><br>Par exemple, le sc\u00e9nario des \u00e9missions de la compagnie Shell jusqu\u2019en 2070 est tr\u00e8s alarmant. Shell pr\u00e9voit de remplacer presque 40\u202f% des 38\u202fmilliards de tonnes de ses \u00e9missions annuelles de CO2 li\u00e9es aux hydrocarbures par de la biomasse pour parvenir en 2070 \u00e0 des \u00e9missions de 15\u202fmilliards de tonnes de CO2. Or, ce chiffre annuel de 15\u202fmilliards de tonnes correspond \u00e0 peu pr\u00e8s \u00e0 la s\u00e9questration totale estim\u00e9e \u00e0 l\u2019\u00e9chelle mondiale dans le cadre d\u2019une proposition de la soci\u00e9t\u00e9 civile pour un ensemble d\u2019actions (utilisation des terres, restauration d\u2019\u00e9cosyst\u00e8mes\u2026) enrayant la baisse des puits de carbone forestiers <a href=\"https:\/\/static1.squarespace.com\/static\/5b22a4b170e802e32273e68c\/t\/5bc3cc1124a694540284f5ae\/1539558423452\/MissingPathwaysCLARAexecsummFR_2018.pdf\" target=\"_blank\" rel=\"noopener\">(voir le rapport CLARA)<\/a>. Cette projection est vertigineuse lorsque l\u2019on sait que Shell ne repr\u00e9sente que 2\u202f% des \u00e9missions de CO2 dans le monde.<\/p>\n\n\n\n<p><br>Cela illustre le fait qu\u2019il est impossible de penser la question du CO2 ind\u00e9pendamment de la crise de la biodiversit\u00e9 et de la s\u00e9curit\u00e9 alimentaire si l\u2019on souhaite aboutir \u00e0 un avenir socialement et \u00e9cologiquement durable \u00e0 long terme. Les sc\u00e9narios doivent prendre en compte toutes les dimensions des probl\u00e8mes \u00e0 traiter, et non pas seulement la substitution des \u00e9missions li\u00e9es aux hydrocarbures. Cela concerne au premier chef les experts du monde forestier.<\/p>\n","protected":false},"excerpt":{"rendered":"<p>For\u00eats et changements climatiques\u2009: les enjeux du d\u00e9bat Kelsey Perlman, association europ\u00e9enne Fern Fern est une association europ\u00e9enne situ\u00e9e \u00e0 Bruxelles qui \u0153uvre pour une plus grande justice sociale et [&hellip;]<\/p>\n","protected":false},"author":1,"featured_media":0,"parent":0,"menu_order":0,"comment_status":"closed","ping_status":"closed","template":"","meta":{"_acf_changed":false,"_gspb_post_css":"","_uag_custom_page_level_css":"","_EventAllDay":false,"_EventTimezone":"","_EventStartDate":"","_EventEndDate":"","_EventStartDateUTC":"","_EventEndDateUTC":"","_EventShowMap":false,"_EventShowMapLink":false,"_EventURL":"","_EventCost":"","_EventCostDescription":"","_EventCurrencySymbol":"","_EventCurrencyCode":"","_EventCurrencyPosition":"","_EventDateTimeSeparator":"","_EventTimeRangeSeparator":"","_EventOrganizerID":[],"_EventVenueID":[],"_OrganizerEmail":"","_OrganizerPhone":"","_OrganizerWebsite":"","_VenueAddress":"","_VenueCity":"","_VenueCountry":"","_VenueProvince":"","_VenueState":"","_VenueZip":"","_VenuePhone":"","_VenueURL":"","_VenueStateProvince":"","_VenueLat":"","_VenueLng":"","_VenueShowMap":false,"_VenueShowMapLink":false,"footnotes":""},"class_list":["post-926","page","type-page","status-publish","hentry"],"acf":[],"mb":[],"uagb_featured_image_src":{"full":false,"thumbnail":false,"medium":false,"medium_large":false,"large":false,"1536x1536":false,"2048x2048":false,"mailpoet_newsletter_max":false},"uagb_author_info":{"display_name":"admin7534","author_link":"https:\/\/sosforetfrance.org\/author\/admin7534\/"},"uagb_comment_info":0,"uagb_excerpt":"For\u00eats et changements climatiques\u2009: les enjeux du d\u00e9bat Kelsey Perlman, association europ\u00e9enne Fern Fern est une association europ\u00e9enne situ\u00e9e \u00e0 Bruxelles qui \u0153uvre pour une plus grande justice sociale et [&hellip;]","mfb_rest_fields":["title","uagb_featured_image_src","uagb_author_info","uagb_comment_info","uagb_excerpt"],"_links":{"self":[{"href":"https:\/\/sosforetfrance.org\/index.php\/wp-json\/wp\/v2\/pages\/926","targetHints":{"allow":["GET"]}}],"collection":[{"href":"https:\/\/sosforetfrance.org\/index.php\/wp-json\/wp\/v2\/pages"}],"about":[{"href":"https:\/\/sosforetfrance.org\/index.php\/wp-json\/wp\/v2\/types\/page"}],"author":[{"embeddable":true,"href":"https:\/\/sosforetfrance.org\/index.php\/wp-json\/wp\/v2\/users\/1"}],"replies":[{"embeddable":true,"href":"https:\/\/sosforetfrance.org\/index.php\/wp-json\/wp\/v2\/comments?post=926"}],"version-history":[{"count":0,"href":"https:\/\/sosforetfrance.org\/index.php\/wp-json\/wp\/v2\/pages\/926\/revisions"}],"wp:attachment":[{"href":"https:\/\/sosforetfrance.org\/index.php\/wp-json\/wp\/v2\/media?parent=926"}],"curies":[{"name":"wp","href":"https:\/\/api.w.org\/{rel}","templated":true}]}}