{"id":8581,"date":"2024-09-30T14:31:58","date_gmt":"2024-09-30T12:31:58","guid":{"rendered":"https:\/\/sosforetfrance.org\/?post_type=definition&#038;p=8581"},"modified":"2025-02-06T20:06:32","modified_gmt":"2025-02-06T19:06:32","slug":"regeneration-naturelle","status":"publish","type":"ressource","link":"https:\/\/sosforetfrance.org\/index.php\/ressource\/regeneration-naturelle\/","title":{"rendered":"R\u00e9g\u00e9n\u00e9ration naturelle"},"content":{"rendered":"\n<p>Dans le domaine de la\u00a0<a href=\"https:\/\/fr.wikipedia.org\/wiki\/Sylviculture\" target=\"_blank\" rel=\"noopener\">sylviculture<\/a>\u00a0ou de l&rsquo;<a href=\"https:\/\/fr.wikipedia.org\/wiki\/%C3%89cologie\" target=\"_blank\" rel=\"noopener\">\u00e9cologie<\/a>, la\u00a0<strong>r\u00e9g\u00e9n\u00e9ration naturelle<\/strong>\u00a0est la facult\u00e9 d&rsquo;un\u00a0<a href=\"https:\/\/fr.wikipedia.org\/wiki\/%C3%89cosyst%C3%A8me\" target=\"_blank\" rel=\"noopener\">\u00e9cosyst\u00e8me<\/a>\u00a0(g\u00e9n\u00e9ralement\u00a0<a href=\"https:\/\/fr.wikipedia.org\/wiki\/For%C3%AAt\" target=\"_blank\" rel=\"noopener\">\u00e9cosyst\u00e8me forestier<\/a>) \u00e0 se reconstituer\u00a0<em>spontan\u00e9ment<\/em>, apr\u00e8s destruction totale ou partielle du couvert forestier. Cette destruction peut \u00eatre caus\u00e9e par une\u00a0<a href=\"https:\/\/fr.wikipedia.org\/wiki\/Coupe_rase\" target=\"_blank\" rel=\"noopener\">coupe rase<\/a>\u00a0ou une coupe partielle, par la cr\u00e9ation de taches de lumi\u00e8res ou de clairi\u00e8res dans le cadre d&rsquo;une gestion douce dite\u00a0<em>proche de la nature<\/em>, c&rsquo;est-\u00e0-dire qui cherche \u00e0 imiter les syst\u00e8mes et cycles en \u0153uvre dans l&rsquo;\u00e9volution et l&rsquo;auto-entretien de la for\u00eat naturelle.<\/p>\n\n\n\n<p><\/p>\n","protected":false},"excerpt":{"rendered":"<p>Dans le domaine de la\u00a0sylviculture\u00a0ou de l&rsquo;\u00e9cologie, la\u00a0r\u00e9g\u00e9n\u00e9ration naturelle\u00a0est la facult\u00e9 d&rsquo;un\u00a0\u00e9cosyst\u00e8me\u00a0(g\u00e9n\u00e9ralement\u00a0\u00e9cosyst\u00e8me forestier) \u00e0 se reconstituer\u00a0spontan\u00e9ment, apr\u00e8s destruction totale ou partielle du couvert forestier. Cette destruction peut \u00eatre caus\u00e9e par [&hellip;]<\/p>\n","protected":false},"author":5,"featured_media":4396,"parent":0,"template":"","meta":{"_acf_changed":true,"_gspb_post_css":"","_uag_custom_page_level_css":"","_EventAllDay":false,"_EventTimezone":"","_EventStartDate":"","_EventEndDate":"","_EventStartDateUTC":"","_EventEndDateUTC":"","_EventShowMap":false,"_EventShowMapLink":false,"_EventURL":"","_EventCost":"","_EventCostDescription":"","_EventCurrencySymbol":"","_EventCurrencyCode":"","_EventCurrencyPosition":"","_EventDateTimeSeparator":"","_EventTimeRangeSeparator":"","_EventOrganizerID":[],"_EventVenueID":[],"_OrganizerEmail":"","_OrganizerPhone":"","_OrganizerWebsite":"","_VenueAddress":"","_VenueCity":"","_VenueCountry":"","_VenueProvince":"","_VenueState":"","_VenueZip":"","_VenuePhone":"","_VenueURL":"","_VenueStateProvince":"","_VenueLat":"","_VenueLng":"","_VenueShowMap":false,"_VenueShowMapLink":false},"categories":[],"type-de-ressource":[253],"class_list":["post-8581","ressource","type-ressource","status-publish","has-post-thumbnail","hentry","type-de-ressource-definition"],"mb":[],"acf":[],"uagb_featured_image_src":{"full":["https:\/\/sosforetfrance.org\/wp-content\/uploads\/2023\/08\/piechie.jpg",900,506,false],"thumbnail":["https:\/\/sosforetfrance.org\/wp-content\/uploads\/2023\/08\/piechie-150x150.jpg",150,150,true],"medium":["https:\/\/sosforetfrance.org\/wp-content\/uploads\/2023\/08\/piechie-300x169.jpg",300,169,true],"medium_large":["https:\/\/sosforetfrance.org\/wp-content\/uploads\/2023\/08\/piechie-768x432.jpg",768,432,true],"large":["https:\/\/sosforetfrance.org\/wp-content\/uploads\/2023\/08\/piechie.jpg",900,506,false],"1536x1536":["https:\/\/sosforetfrance.org\/wp-content\/uploads\/2023\/08\/piechie.jpg",900,506,false],"2048x2048":["https:\/\/sosforetfrance.org\/wp-content\/uploads\/2023\/08\/piechie.jpg",900,506,false],"mailpoet_newsletter_max":["https:\/\/sosforetfrance.org\/wp-content\/uploads\/2023\/08\/piechie.jpg",900,506,false]},"uagb_author_info":{"display_name":"Charles Lewing","author_link":"https:\/\/sosforetfrance.org\/author\/anselme\/"},"uagb_comment_info":0,"uagb_excerpt":"Dans le domaine de la\u00a0sylviculture\u00a0ou de l&rsquo;\u00e9cologie, la\u00a0r\u00e9g\u00e9n\u00e9ration naturelle\u00a0est la facult\u00e9 d&rsquo;un\u00a0\u00e9cosyst\u00e8me\u00a0(g\u00e9n\u00e9ralement\u00a0\u00e9cosyst\u00e8me forestier) \u00e0 se reconstituer\u00a0spontan\u00e9ment, apr\u00e8s destruction totale ou partielle du couvert forestier. Cette destruction peut \u00eatre caus\u00e9e par [&hellip;]","mfb_rest_fields":["title","uagb_featured_image_src","uagb_author_info","uagb_comment_info","uagb_excerpt"],"_links":{"self":[{"href":"https:\/\/sosforetfrance.org\/index.php\/wp-json\/wp\/v2\/ressource\/8581","targetHints":{"allow":["GET"]}}],"collection":[{"href":"https:\/\/sosforetfrance.org\/index.php\/wp-json\/wp\/v2\/ressource"}],"about":[{"href":"https:\/\/sosforetfrance.org\/index.php\/wp-json\/wp\/v2\/types\/ressource"}],"author":[{"embeddable":true,"href":"https:\/\/sosforetfrance.org\/index.php\/wp-json\/wp\/v2\/users\/5"}],"wp:featuredmedia":[{"embeddable":true,"href":"https:\/\/sosforetfrance.org\/index.php\/wp-json\/wp\/v2\/media\/4396"}],"wp:attachment":[{"href":"https:\/\/sosforetfrance.org\/index.php\/wp-json\/wp\/v2\/media?parent=8581"}],"wp:term":[{"taxonomy":"category","embeddable":true,"href":"https:\/\/sosforetfrance.org\/index.php\/wp-json\/wp\/v2\/categories?post=8581"},{"taxonomy":"type-de-ressource","embeddable":true,"href":"https:\/\/sosforetfrance.org\/index.php\/wp-json\/wp\/v2\/type-de-ressource?post=8581"}],"curies":[{"name":"wp","href":"https:\/\/api.w.org\/{rel}","templated":true}]}}

Régénération naturelle

<p>Dans le domaine de la <a href="https://fr.wikipedia.org/wiki/Sylviculture" target="_blank" rel="noopener">sylviculture</a> ou de l&rsquo;<a href="https://fr.wikipedia.org/wiki/%C3%89cologie" target="_blank" rel="noopener">écologie</a>, la <strong>régénération naturelle</strong> est la faculté d&rsquo;un <a href="https://fr.wikipedia.org/wiki/%C3%89cosyst%C3%A8me" target="_blank" rel="noopener">écosystème</a> (généralement <a href="https://fr.wikipedia.org/wiki/For%C3%AAt" target="_blank" rel="noopener">écosystème forestier</a>) à se reconstituer <em>spontanément</em>, après destruction totale ou partielle du couvert forestier. Cette destruction peut être causée par une <a href="https://fr.wikipedia.org/wiki/Coupe_rase" target="_blank" rel="noopener">coupe rase</a> ou une coupe partielle, par la création de taches de lumières ou de clairières dans le cadre d&rsquo;une gestion douce dite <em>proche de la nature</em>, c&rsquo;est-à-dire qui cherche à imiter les systèmes et cycles en œuvre dans l&rsquo;évolution et l&rsquo;auto-entretien de la forêt naturelle.</p>



<p></p>

<p>Dans le domaine de la sylviculture ou de l&rsquo;écologie, la régénération naturelle est la faculté d&rsquo;un écosystème (généralement écosystème forestier) à se reconstituer spontanément, après destruction totale ou partielle du couvert forestier. Cette destruction peut être causée par [&hellip;]</p>

Dans le domaine de la sylviculture ou de l&rsquo;écologie, la régénération naturelle est la faculté d&rsquo;un écosystème (généralement écosystème forestier) à se reconstituer spontanément, après destruction totale ou partielle du couvert forestier. Cette destruction peut être causée par [&hellip;]
