{"id":10940,"date":"2025-02-11T11:57:50","date_gmt":"2025-02-11T10:57:50","guid":{"rendered":"https:\/\/sosforetfrance.org\/?post_type=tribe_events&#038;p=10940"},"modified":"2025-02-11T12:27:21","modified_gmt":"2025-02-11T11:27:21","slug":"reunion-publique-quel-avenir-pour-les-forets-perigourdines","status":"publish","type":"tribe_events","link":"https:\/\/sosforetfrance.org\/index.php\/date\/reunion-publique-quel-avenir-pour-les-forets-perigourdines\/","title":{"rendered":"[r\u00e9union publique] Quel avenir pour les for\u00eats P\u00e9rigourdines ?"},"content":{"rendered":"<div class=\"moz-text-html\" lang=\"x-unicode\">\n<div class=\"pre\">Pr\u00e9servation des for\u00eats patrimoniales p\u00e9rigourdines, modes de gestions foresti\u00e8res, aspects positifs ou n\u00e9gatifs de ces gestions, impact sur l&rsquo;environnement&#8230;<br \/>\n\u00c0 l&rsquo;heure du r\u00e9chauffement climatique, de la disparition massive de la biodiversit\u00e9, de la pollution des eaux, des m\u00e9gas incendies, nos for\u00eats sont en premi\u00e8re ligne et fragilis\u00e9es par ces ph\u00e9nom\u00e8nes.<\/div>\n<div class=\"pre\">Cette r\u00e9union, coorganis\u00e9e par SOS For\u00eat Dordogne et Coeur de For\u00eat (association qui apporte des conseils de gestion foresti\u00e8re) se tiendra \u00e0 la salle des f\u00eates d&rsquo;Annesse et beaulieu (Gravelle), et r\u00e9unira les communes concern\u00e9es par les for\u00eats de La Faye, Les Cl\u00e8des, Les Gen\u00eats et les Andrivaux.<\/div>\n<\/div>\n","protected":false},"excerpt":{"rendered":"<p>Pr\u00e9servation des for\u00eats patrimoniales p\u00e9rigourdines, modes de gestions foresti\u00e8res, aspects positifs ou n\u00e9gatifs de ces gestions, impact sur l&rsquo;environnement&#8230; \u00c0 l&rsquo;heure du r\u00e9chauffement climatique, de la disparition massive de la [&hellip;]<\/p>\n","protected":false},"author":10,"featured_media":10946,"template":"","meta":{"_acf_changed":false,"_gspb_post_css":"","_uag_custom_page_level_css":"","_EventAllDay":false,"_EventTimezone":"Europe\/Paris","_EventStartDate":"2025-02-27 18:00:00","_EventEndDate":"2025-02-27 21:00:00","_EventStartDateUTC":"2025-02-27 17:00:00","_EventEndDateUTC":"2025-02-27 20:00:00","_EventShowMap":false,"_EventShowMapLink":false,"_EventURL":"https:\/\/sosforetdordogne.fr\/evenement\/quel-avenir-pour-nos-forets-perigourdines","_EventCost":"","_EventCostDescription":"","_EventCurrencySymbol":"\u20ac","_EventCurrencyCode":"EUR","_EventCurrencyPosition":"suffix","_EventDateTimeSeparator":"","_EventTimeRangeSeparator":"","_EventOrganizerID":[9248],"_EventVenueID":[10945],"_OrganizerEmail":"","_OrganizerPhone":"","_OrganizerWebsite":"","_VenueAddress":"","_VenueCity":"","_VenueCountry":"","_VenueProvince":"","_VenueState":"","_VenueZip":"","_VenuePhone":"","_VenueURL":"","_VenueStateProvince":"","_VenueLat":"","_VenueLng":"","_VenueShowMap":false,"_VenueShowMapLink":false,"_tribe_events_status":"","_tribe_events_status_reason":"","footnotes":""},"tags":[185],"tribe_events_cat":[126],"class_list":["post-10940","tribe_events","type-tribe_events","status-publish","has-post-thumbnail","hentry","tag-dordogne","tribe_events_cat-education-populaire","cat_education-populaire"],"acf":[],"uagb_featured_image_src":{"full":["https:\/\/sosforetfrance.org\/wp-content\/uploads\/2025\/02\/SOSFD-reunion-fevrier2025-affiche-1448x2048-1-e1739357763570.jpg",1304,768,false],"thumbnail":["https:\/\/sosforetfrance.org\/wp-content\/uploads\/2025\/02\/SOSFD-reunion-fevrier2025-affiche-1448x2048-1-e1739357763570-150x150.jpg",150,150,true],"medium":["https:\/\/sosforetfrance.org\/wp-content\/uploads\/2025\/02\/SOSFD-reunion-fevrier2025-affiche-1448x2048-1-e1739357763570-300x177.jpg",300,177,true],"medium_large":["https:\/\/sosforetfrance.org\/wp-content\/uploads\/2025\/02\/SOSFD-reunion-fevrier2025-affiche-1448x2048-1-e1739357763570-768x452.jpg",768,452,true],"large":["https:\/\/sosforetfrance.org\/wp-content\/uploads\/2025\/02\/SOSFD-reunion-fevrier2025-affiche-1448x2048-1-e1739357763570-1024x603.jpg",1024,603,true],"1536x1536":["https:\/\/sosforetfrance.org\/wp-content\/uploads\/2025\/02\/SOSFD-reunion-fevrier2025-affiche-1448x2048-1-1086x1536.jpg",1086,1536,true],"2048x2048":["https:\/\/sosforetfrance.org\/wp-content\/uploads\/2025\/02\/SOSFD-reunion-fevrier2025-affiche-1448x2048-1-e1739357763570.jpg",1304,768,false],"mailpoet_newsletter_max":["https:\/\/sosforetfrance.org\/wp-content\/uploads\/2025\/02\/SOSFD-reunion-fevrier2025-affiche-1448x2048-1-1320x1867.jpg",1320,1867,true]},"uagb_author_info":{"display_name":"Marie-Anne Guillemain","author_link":"https:\/\/sosforetfrance.org\/author\/mag\/"},"uagb_comment_info":0,"uagb_excerpt":"Pr\u00e9servation des for\u00eats patrimoniales p\u00e9rigourdines, modes de gestions foresti\u00e8res, aspects positifs ou n\u00e9gatifs de ces gestions, impact sur l&rsquo;environnement&#8230; \u00c0 l&rsquo;heure du r\u00e9chauffement climatique, de la disparition massive de la [&hellip;]","_links":{"self":[{"href":"https:\/\/sosforetfrance.org\/index.php\/wp-json\/wp\/v2\/tribe_events\/10940","targetHints":{"allow":["GET"]}}],"collection":[{"href":"https:\/\/sosforetfrance.org\/index.php\/wp-json\/wp\/v2\/tribe_events"}],"about":[{"href":"https:\/\/sosforetfrance.org\/index.php\/wp-json\/wp\/v2\/types\/tribe_events"}],"author":[{"embeddable":true,"href":"https:\/\/sosforetfrance.org\/index.php\/wp-json\/wp\/v2\/users\/10"}],"version-history":[{"count":0,"href":"https:\/\/sosforetfrance.org\/index.php\/wp-json\/wp\/v2\/tribe_events\/10940\/revisions"}],"wp:featuredmedia":[{"embeddable":true,"href":"https:\/\/sosforetfrance.org\/index.php\/wp-json\/wp\/v2\/media\/10946"}],"wp:attachment":[{"href":"https:\/\/sosforetfrance.org\/index.php\/wp-json\/wp\/v2\/media?parent=10940"}],"wp:term":[{"taxonomy":"post_tag","embeddable":true,"href":"https:\/\/sosforetfrance.org\/index.php\/wp-json\/wp\/v2\/tags?post=10940"},{"taxonomy":"tribe_events_cat","embeddable":true,"href":"https:\/\/sosforetfrance.org\/index.php\/wp-json\/wp\/v2\/tribe_events_cat?post=10940"}],"curies":[{"name":"wp","href":"https:\/\/api.w.org\/{rel}","templated":true}]}}

[réunion publique] Quel avenir pour les forêts Périgourdines ?

<div class="moz-text-html" lang="x-unicode">
<div class="pre">Préservation des forêts patrimoniales périgourdines, modes de gestions forestières, aspects positifs ou négatifs de ces gestions, impact sur l&rsquo;environnement&#8230;<br />
À l&rsquo;heure du réchauffement climatique, de la disparition massive de la biodiversité, de la pollution des eaux, des mégas incendies, nos forêts sont en première ligne et fragilisées par ces phénomènes.</div>
<div class="pre">Cette réunion, coorganisée par SOS Forêt Dordogne et Coeur de Forêt (association qui apporte des conseils de gestion forestière) se tiendra à la salle des fêtes d&rsquo;Annesse et beaulieu (Gravelle), et réunira les communes concernées par les forêts de La Faye, Les Clèdes, Les Genêts et les Andrivaux.</div>
</div>

<p>Préservation des forêts patrimoniales périgourdines, modes de gestions forestières, aspects positifs ou négatifs de ces gestions, impact sur l&rsquo;environnement&#8230; À l&rsquo;heure du réchauffement climatique, de la disparition massive de la [&hellip;]</p>

Préservation des forêts patrimoniales périgourdines, modes de gestions forestières, aspects positifs ou négatifs de ces gestions, impact sur l&rsquo;environnement&#8230; À l&rsquo;heure du réchauffement climatique, de la disparition massive de la [&hellip;]
