{"id":11012,"date":"2025-02-12T11:50:58","date_gmt":"2025-02-12T10:50:58","guid":{"rendered":"https:\/\/sosforetfrance.org\/?post_type=tribe_events&#038;p=11012"},"modified":"2025-02-13T16:20:31","modified_gmt":"2025-02-13T15:20:31","slug":"11012","status":"publish","type":"tribe_events","link":"https:\/\/sosforetfrance.org\/index.php\/date\/11012\/","title":{"rendered":"Manifestation en Corr\u00e8ze contre une coupe rase en cours de 80 hectares"},"content":{"rendered":"<p>\u00c0 Chamberet (Corr\u00e8ze), un groupe d\u2019habitant\u00b7es vient de cr\u00e9er le <strong>Collectif chambertois contre le saccage forestier<\/strong>, pour lutter contre une coupe rase en cours de parcelles de 80 hectares. 16 hectares de feuillus ont d\u00e9j\u00e0 \u00e9t\u00e9 abattus.<br \/>\nLe collectif vous invite \u00e0 constater l\u2019ampleur de la catastrophe en cours en parcourant le site d\u2019Encenat dans une marche de protestation contre cette exploitation foresti\u00e8re guid\u00e9e uniquement par l\u2019app\u00e2t du gain.<\/p>\n","protected":false},"excerpt":{"rendered":"<p>\u00c0 Chamberet (Corr\u00e8ze), un groupe d\u2019habitant\u00b7es vient de cr\u00e9er le Collectif chambertois contre le saccage forestier, pour lutter contre une coupe rase en cours de parcelles de 80 hectares. 16 [&hellip;]<\/p>\n","protected":false},"author":10,"featured_media":11013,"template":"","meta":{"_acf_changed":false,"_gspb_post_css":"","_uag_custom_page_level_css":"","_EventAllDay":false,"_EventTimezone":"Europe\/Paris","_EventStartDate":"2025-02-15 14:00:00","_EventEndDate":"2025-02-15 16:00:00","_EventStartDateUTC":"2025-02-15 13:00:00","_EventEndDateUTC":"2025-02-15 15:00:00","_EventShowMap":true,"_EventShowMapLink":true,"_EventURL":"","_EventCost":"","_EventCostDescription":"","_EventCurrencySymbol":"\u20ac","_EventCurrencyCode":"EUR","_EventCurrencyPosition":"suffix","_EventDateTimeSeparator":"","_EventTimeRangeSeparator":"","_EventOrganizerID":[11015],"_EventVenueID":[11014],"_OrganizerEmail":"","_OrganizerPhone":"","_OrganizerWebsite":"","_VenueAddress":"","_VenueCity":"","_VenueCountry":"","_VenueProvince":"","_VenueState":"","_VenueZip":"","_VenuePhone":"","_VenueURL":"","_VenueStateProvince":"","_VenueLat":"","_VenueLng":"","_VenueShowMap":false,"_VenueShowMapLink":false,"_tribe_events_status":"","_tribe_events_status_reason":"","footnotes":""},"tags":[104,263],"tribe_events_cat":[72],"class_list":["post-11012","tribe_events","type-tribe_events","status-publish","has-post-thumbnail","hentry","tag-correze","tag-coupe-rase","tribe_events_cat-mobilisation","cat_mobilisation"],"acf":[],"uagb_featured_image_src":{"full":["https:\/\/sosforetfrance.org\/wp-content\/uploads\/2025\/02\/logo-Collectif-chambertois-cpntre-le-saccage-forestier.jpg",603,344,false],"thumbnail":["https:\/\/sosforetfrance.org\/wp-content\/uploads\/2025\/02\/logo-Collectif-chambertois-cpntre-le-saccage-forestier-150x150.jpg",150,150,true],"medium":["https:\/\/sosforetfrance.org\/wp-content\/uploads\/2025\/02\/logo-Collectif-chambertois-cpntre-le-saccage-forestier-300x171.jpg",300,171,true],"medium_large":["https:\/\/sosforetfrance.org\/wp-content\/uploads\/2025\/02\/logo-Collectif-chambertois-cpntre-le-saccage-forestier.jpg",603,344,false],"large":["https:\/\/sosforetfrance.org\/wp-content\/uploads\/2025\/02\/logo-Collectif-chambertois-cpntre-le-saccage-forestier.jpg",603,344,false],"1536x1536":["https:\/\/sosforetfrance.org\/wp-content\/uploads\/2025\/02\/logo-Collectif-chambertois-cpntre-le-saccage-forestier.jpg",603,344,false],"2048x2048":["https:\/\/sosforetfrance.org\/wp-content\/uploads\/2025\/02\/logo-Collectif-chambertois-cpntre-le-saccage-forestier.jpg",603,344,false],"mailpoet_newsletter_max":["https:\/\/sosforetfrance.org\/wp-content\/uploads\/2025\/02\/logo-Collectif-chambertois-cpntre-le-saccage-forestier.jpg",603,344,false]},"uagb_author_info":{"display_name":"Marie-Anne Guillemain","author_link":"https:\/\/sosforetfrance.org\/author\/mag\/"},"uagb_comment_info":0,"uagb_excerpt":"\u00c0 Chamberet (Corr\u00e8ze), un groupe d\u2019habitant\u00b7es vient de cr\u00e9er le Collectif chambertois contre le saccage forestier, pour lutter contre une coupe rase en cours de parcelles de 80 hectares. 16 [&hellip;]","_links":{"self":[{"href":"https:\/\/sosforetfrance.org\/index.php\/wp-json\/wp\/v2\/tribe_events\/11012","targetHints":{"allow":["GET"]}}],"collection":[{"href":"https:\/\/sosforetfrance.org\/index.php\/wp-json\/wp\/v2\/tribe_events"}],"about":[{"href":"https:\/\/sosforetfrance.org\/index.php\/wp-json\/wp\/v2\/types\/tribe_events"}],"author":[{"embeddable":true,"href":"https:\/\/sosforetfrance.org\/index.php\/wp-json\/wp\/v2\/users\/10"}],"version-history":[{"count":5,"href":"https:\/\/sosforetfrance.org\/index.php\/wp-json\/wp\/v2\/tribe_events\/11012\/revisions"}],"predecessor-version":[{"id":11064,"href":"https:\/\/sosforetfrance.org\/index.php\/wp-json\/wp\/v2\/tribe_events\/11012\/revisions\/11064"}],"wp:featuredmedia":[{"embeddable":true,"href":"https:\/\/sosforetfrance.org\/index.php\/wp-json\/wp\/v2\/media\/11013"}],"wp:attachment":[{"href":"https:\/\/sosforetfrance.org\/index.php\/wp-json\/wp\/v2\/media?parent=11012"}],"wp:term":[{"taxonomy":"post_tag","embeddable":true,"href":"https:\/\/sosforetfrance.org\/index.php\/wp-json\/wp\/v2\/tags?post=11012"},{"taxonomy":"tribe_events_cat","embeddable":true,"href":"https:\/\/sosforetfrance.org\/index.php\/wp-json\/wp\/v2\/tribe_events_cat?post=11012"}],"curies":[{"name":"wp","href":"https:\/\/api.w.org\/{rel}","templated":true}]}}

Manifestation en Corrèze contre une coupe rase en cours de 80 hectares

<p>À Chamberet (Corrèze), un groupe d’habitant·es vient de créer le <strong>Collectif chambertois contre le saccage forestier</strong>, pour lutter contre une coupe rase en cours de parcelles de 80 hectares. 16 hectares de feuillus ont déjà été abattus.<br />
Le collectif vous invite à constater l’ampleur de la catastrophe en cours en parcourant le site d’Encenat dans une marche de protestation contre cette exploitation forestière guidée uniquement par l’appât du gain.</p>

<p>À Chamberet (Corrèze), un groupe d’habitant·es vient de créer le Collectif chambertois contre le saccage forestier, pour lutter contre une coupe rase en cours de parcelles de 80 hectares. 16 [&hellip;]</p>

À Chamberet (Corrèze), un groupe d’habitant·es vient de créer le Collectif chambertois contre le saccage forestier, pour lutter contre une coupe rase en cours de parcelles de 80 hectares. 16 [&hellip;]
