{"id":9243,"date":"2024-11-11T19:02:39","date_gmt":"2024-11-11T18:02:39","guid":{"rendered":"https:\/\/sosforetfrance.org\/?post_type=tribe_events&#038;p=9243"},"modified":"2024-11-11T19:07:39","modified_gmt":"2024-11-11T18:07:39","slug":"sos-foret-dordogne-au-festival-des-solidarites-de-nontron","status":"publish","type":"tribe_events","link":"https:\/\/sosforetfrance.org\/index.php\/date\/sos-foret-dordogne-au-festival-des-solidarites-de-nontron\/","title":{"rendered":"[rencontre] SOS For\u00eat Dordogne au Festival des Solidarit\u00e9s de Nontron"},"content":{"rendered":"<p>Les militant\u00b7es de <a href=\"https:\/\/sosforetdordogne.fr\/\" target=\"_blank\" rel=\"noopener\">SOS For\u00eat Dordogne<\/a> vous propose de venir les rencontrer au Festival des Solidarit\u00e9s de Nontron samedi 30 de 14h30 \u00e0 18h30.<\/p>\n<h3>Le programme du festival<\/h3>\n<p><img loading=\"lazy\" decoding=\"async\" class=\"alignnone size-medium wp-image-9246\" src=\"https:\/\/sosforetfrance.org\/wp-content\/uploads\/2024\/11\/Festival-Solidarites-Nontron-programme-1-212x300.jpeg\" alt=\"\" width=\"212\" height=\"300\" srcset=\"https:\/\/sosforetfrance.org\/wp-content\/uploads\/2024\/11\/Festival-Solidarites-Nontron-programme-1-212x300.jpeg 212w, https:\/\/sosforetfrance.org\/wp-content\/uploads\/2024\/11\/Festival-Solidarites-Nontron-programme-1-722x1024.jpeg 722w, https:\/\/sosforetfrance.org\/wp-content\/uploads\/2024\/11\/Festival-Solidarites-Nontron-programme-1-768x1089.jpeg 768w, https:\/\/sosforetfrance.org\/wp-content\/uploads\/2024\/11\/Festival-Solidarites-Nontron-programme-1.jpeg 875w\" sizes=\"auto, (max-width: 212px) 100vw, 212px\" \/><\/p>\n","protected":false},"excerpt":{"rendered":"<p>Les militant\u00b7es de SOS For\u00eat Dordogne vous propose de venir les rencontrer au Festival des Solidarit\u00e9s de Nontron samedi 30 de 14h30 \u00e0 18h30. Le programme du festival<\/p>\n","protected":false},"author":10,"featured_media":9244,"template":"","meta":{"_acf_changed":false,"_gspb_post_css":"","_uag_custom_page_level_css":"","_EventAllDay":false,"_EventTimezone":"Europe\/Paris","_EventStartDate":"2024-11-30 14:30:00","_EventEndDate":"2024-11-30 18:30:00","_EventStartDateUTC":"2024-11-30 13:30:00","_EventEndDateUTC":"2024-11-30 17:30:00","_EventShowMap":true,"_EventShowMapLink":true,"_EventURL":"","_EventCost":"","_EventCostDescription":"","_EventCurrencySymbol":"\u20ac","_EventCurrencyCode":"EUR","_EventCurrencyPosition":"suffix","_EventDateTimeSeparator":"","_EventTimeRangeSeparator":"","_EventOrganizerID":[9248],"_EventVenueID":[9247],"_OrganizerEmail":"","_OrganizerPhone":"","_OrganizerWebsite":"","_VenueAddress":"","_VenueCity":"","_VenueCountry":"","_VenueProvince":"","_VenueState":"","_VenueZip":"","_VenuePhone":"","_VenueURL":"","_VenueStateProvince":"","_VenueLat":"","_VenueLng":"","_VenueShowMap":false,"_VenueShowMapLink":false,"_tribe_events_status":"","_tribe_events_status_reason":"","footnotes":""},"tags":[185],"tribe_events_cat":[72],"class_list":["post-9243","tribe_events","type-tribe_events","status-publish","has-post-thumbnail","hentry","tag-dordogne","tribe_events_cat-mobilisation","cat_mobilisation"],"acf":[],"uagb_featured_image_src":{"full":["https:\/\/sosforetfrance.org\/wp-content\/uploads\/2024\/11\/Festival-Solidarites-Nontron-affiche.jpeg",1600,900,false],"thumbnail":["https:\/\/sosforetfrance.org\/wp-content\/uploads\/2024\/11\/Festival-Solidarites-Nontron-affiche-150x150.jpeg",150,150,true],"medium":["https:\/\/sosforetfrance.org\/wp-content\/uploads\/2024\/11\/Festival-Solidarites-Nontron-affiche-300x169.jpeg",300,169,true],"medium_large":["https:\/\/sosforetfrance.org\/wp-content\/uploads\/2024\/11\/Festival-Solidarites-Nontron-affiche-768x432.jpeg",768,432,true],"large":["https:\/\/sosforetfrance.org\/wp-content\/uploads\/2024\/11\/Festival-Solidarites-Nontron-affiche-1024x576.jpeg",1024,576,true],"1536x1536":["https:\/\/sosforetfrance.org\/wp-content\/uploads\/2024\/11\/Festival-Solidarites-Nontron-affiche-1536x864.jpeg",1536,864,true],"2048x2048":["https:\/\/sosforetfrance.org\/wp-content\/uploads\/2024\/11\/Festival-Solidarites-Nontron-affiche.jpeg",1600,900,false],"mailpoet_newsletter_max":["https:\/\/sosforetfrance.org\/wp-content\/uploads\/2024\/11\/Festival-Solidarites-Nontron-affiche-1320x743.jpeg",1320,743,true]},"uagb_author_info":{"display_name":"Marie-Anne Guillemain","author_link":"https:\/\/sosforetfrance.org\/author\/mag\/"},"uagb_comment_info":0,"uagb_excerpt":"Les militant\u00b7es de SOS For\u00eat Dordogne vous propose de venir les rencontrer au Festival des Solidarit\u00e9s de Nontron samedi 30 de 14h30 \u00e0 18h30. Le programme du festival","_links":{"self":[{"href":"https:\/\/sosforetfrance.org\/index.php\/wp-json\/wp\/v2\/tribe_events\/9243","targetHints":{"allow":["GET"]}}],"collection":[{"href":"https:\/\/sosforetfrance.org\/index.php\/wp-json\/wp\/v2\/tribe_events"}],"about":[{"href":"https:\/\/sosforetfrance.org\/index.php\/wp-json\/wp\/v2\/types\/tribe_events"}],"author":[{"embeddable":true,"href":"https:\/\/sosforetfrance.org\/index.php\/wp-json\/wp\/v2\/users\/10"}],"version-history":[{"count":0,"href":"https:\/\/sosforetfrance.org\/index.php\/wp-json\/wp\/v2\/tribe_events\/9243\/revisions"}],"wp:featuredmedia":[{"embeddable":true,"href":"https:\/\/sosforetfrance.org\/index.php\/wp-json\/wp\/v2\/media\/9244"}],"wp:attachment":[{"href":"https:\/\/sosforetfrance.org\/index.php\/wp-json\/wp\/v2\/media?parent=9243"}],"wp:term":[{"taxonomy":"post_tag","embeddable":true,"href":"https:\/\/sosforetfrance.org\/index.php\/wp-json\/wp\/v2\/tags?post=9243"},{"taxonomy":"tribe_events_cat","embeddable":true,"href":"https:\/\/sosforetfrance.org\/index.php\/wp-json\/wp\/v2\/tribe_events_cat?post=9243"}],"curies":[{"name":"wp","href":"https:\/\/api.w.org\/{rel}","templated":true}]}}

[rencontre] SOS Forêt Dordogne au Festival des Solidarités de Nontron

<p>Les militant·es de <a href="https://sosforetdordogne.fr/" target="_blank" rel="noopener">SOS Forêt Dordogne</a> vous propose de venir les rencontrer au Festival des Solidarités de Nontron samedi 30 de 14h30 à 18h30.</p>
<h3>Le programme du festival</h3>
<p><img loading="lazy" decoding="async" class="alignnone size-medium wp-image-9246" src="https://sosforetfrance.org/wp-content/uploads/2024/11/Festival-Solidarites-Nontron-programme-1-212x300.jpeg" alt="" width="212" height="300" srcset="https://sosforetfrance.org/wp-content/uploads/2024/11/Festival-Solidarites-Nontron-programme-1-212x300.jpeg 212w, https://sosforetfrance.org/wp-content/uploads/2024/11/Festival-Solidarites-Nontron-programme-1-722x1024.jpeg 722w, https://sosforetfrance.org/wp-content/uploads/2024/11/Festival-Solidarites-Nontron-programme-1-768x1089.jpeg 768w, https://sosforetfrance.org/wp-content/uploads/2024/11/Festival-Solidarites-Nontron-programme-1.jpeg 875w" sizes="auto, (max-width: 212px) 100vw, 212px" /></p>

<p>Les militant·es de SOS Forêt Dordogne vous propose de venir les rencontrer au Festival des Solidarités de Nontron samedi 30 de 14h30 à 18h30. Le programme du festival</p>

Les militant·es de SOS Forêt Dordogne vous propose de venir les rencontrer au Festival des Solidarités de Nontron samedi 30 de 14h30 à 18h30. Le programme du festival
